{"id":16499,"date":"2021-09-28T11:59:49","date_gmt":"2021-09-28T11:59:49","guid":{"rendered":"http:\/\/www.baztan.eus\/?post_type=eventos&#038;p=16499"},"modified":"2021-10-22T09:25:01","modified_gmt":"2021-10-22T09:25:01","slug":"exposicion-fotografica-descartados","status":"publish","type":"eventos","link":"https:\/\/www.baztan.eus\/es\/eventos\/exposicion-fotografica-descartados\/","title":{"rendered":"EXPOSICI\u00d3N FOTOGR\u00c1FICA \u00abDESCARTADOS\u00bb"},"content":{"rendered":"<p><em>Re\u00fane un conjunto de fotograf\u00edas realizadas por Marc Esp\u00edn que documentan el\u00a0 abandono de las personas adultas mayores en El Salvador.- Compuesta por 15 retratos intimistas y breves relatos<\/em><\/p>\n<p>Antolatzailea \/<em>Organiza<\/em>: Organizaci\u00f3n Navarra para ayuda entre los pueblos<\/p>\n<p>Primera planta de Arizkunenea<\/p>\n<p>Abierta de lunes\u00a0 a viernes\u00a0 16:00-21:45<\/p>\n<p><iframe loading=\"lazy\" title=\"Entrevista a Emilio Esp\u00edn y Marc Esp\u00edn sobre el libro #Descartados en TVX\" width=\"500\" height=\"281\" src=\"https:\/\/www.youtube.com\/embed\/A4b1hc4sx0Y?feature=oembed\" frameborder=\"0\" allow=\"accelerometer; autoplay; clipboard-write; encrypted-media; gyroscope; picture-in-picture; web-share\" referrerpolicy=\"strict-origin-when-cross-origin\" allowfullscreen><\/iframe><\/p>\n<p>&nbsp;<\/p>\n<p>&nbsp;<\/p>\n<p>&nbsp;<\/p>\n","protected":false},"featured_media":16489,"template":"","meta":{"_wpml_word_count":["{\"total\":60,\"to_translate\":{\"eu\":60}}"],"_edit_lock":["1634894614:1"],"_edit_last":["1"],"_thumbnail_id":["16489"],"event_ext":[""],"event_location":["15956"],"imagenslia":[""],"event_horario":["16:00-21:45"],"event_horario_inicio":["16:00"],"event_horario_fin":["21:45"],"fechas":[""],"importe":[""],"inscripcion":[""],"ponente":[""],"autor_o":[""],"nota":[""],"boton1":[""],"boton1u":[""],"dias":[";01-10-2021;09-11-2021;"],"event_date":["1633046400"],"event_date1":["1636416000"],"_wpml_media_featured":["1"],"_wpml_media_duplicate":["1"],"_wpml_media_has_media":["1"],"_oembed_19f77da34f981191d3da3c96d4f2a3f8":["<iframe title=\"Entrevista a Emilio Esp\u00edn y Marc Esp\u00edn sobre el libro #Descartados en TVX\" width=\"1379\" height=\"776\" src=\"https:\/\/www.youtube.com\/embed\/A4b1hc4sx0Y?feature=oembed\" frameborder=\"0\" allow=\"accelerometer; autoplay; clipboard-write; encrypted-media; gyroscope; picture-in-picture\" allowfullscreen><\/iframe>"],"_oembed_time_19f77da34f981191d3da3c96d4f2a3f8":["1634894695"],"_oembed_9856acc08c9a50ed644baef6a6c81d30":["<iframe title=\"Entrevista a Emilio Esp\u00edn y Marc Esp\u00edn sobre el libro #Descartados en TVX\" width=\"1383\" height=\"778\" src=\"https:\/\/www.youtube.com\/embed\/A4b1hc4sx0Y?feature=oembed\" frameborder=\"0\" allow=\"accelerometer; autoplay; clipboard-write; encrypted-media; gyroscope; picture-in-picture\" allowfullscreen><\/iframe>"],"_oembed_time_9856acc08c9a50ed644baef6a6c81d30":["1634894705"],"_oembed_e8fb4287d65744998919d6a5468ad96e":["<iframe title=\"Entrevista a Emilio Esp\u00edn y Marc Esp\u00edn sobre el libro #Descartados en TVX\" width=\"500\" height=\"281\" src=\"https:\/\/www.youtube.com\/embed\/A4b1hc4sx0Y?feature=oembed\" frameborder=\"0\" allow=\"accelerometer; autoplay; clipboard-write; encrypted-media; gyroscope; picture-in-picture\" allowfullscreen><\/iframe>"],"_oembed_time_e8fb4287d65744998919d6a5468ad96e":["1634894705"],"_oembed_433a11fa0bd4e504812f0a010116a947":["<iframe title=\"Entrevista a Emilio Esp\u00edn y Marc Esp\u00edn sobre el libro #Descartados en TVX\" width=\"500\" height=\"281\" src=\"https:\/\/www.youtube.com\/embed\/A4b1hc4sx0Y?feature=oembed\" frameborder=\"0\" allow=\"accelerometer; autoplay; clipboard-write; encrypted-media; gyroscope; picture-in-picture; web-share\" referrerpolicy=\"strict-origin-when-cross-origin\" allowfullscreen><\/iframe>"],"_oembed_time_433a11fa0bd4e504812f0a010116a947":["1747807197"]},"class_list":["post-16499","eventos","type-eventos","status-publish","has-post-thumbnail","hentry"],"_links":{"self":[{"href":"https:\/\/www.baztan.eus\/es\/wp-json\/wp\/v2\/eventos\/16499","targetHints":{"allow":["GET"]}}],"collection":[{"href":"https:\/\/www.baztan.eus\/es\/wp-json\/wp\/v2\/eventos"}],"about":[{"href":"https:\/\/www.baztan.eus\/es\/wp-json\/wp\/v2\/types\/eventos"}],"wp:featuredmedia":[{"embeddable":true,"href":"https:\/\/www.baztan.eus\/es\/wp-json\/wp\/v2\/media\/16489"}],"wp:attachment":[{"href":"https:\/\/www.baztan.eus\/es\/wp-json\/wp\/v2\/media?parent=16499"}],"curies":[{"name":"wp","href":"https:\/\/api.w.org\/{rel}","templated":true}]}}

EXPOSICIÓN FOTOGRÁFICA «DESCARTADOS»

<p><em>Reúne un conjunto de fotografías realizadas por Marc Espín que documentan el  abandono de las personas adultas mayores en El Salvador.- Compuesta por 15 retratos intimistas y breves relatos</em></p>
<p>Antolatzailea /<em>Organiza</em>: Organización Navarra para ayuda entre los pueblos</p>
<p>Primera planta de Arizkunenea</p>
<p>Abierta de lunes  a viernes  16:00-21:45</p>
<p><iframe loading="lazy" title="Entrevista a Emilio Espín y Marc Espín sobre el libro #Descartados en TVX" width="500" height="281" src="https://www.youtube.com/embed/A4b1hc4sx0Y?feature=oembed" frameborder="0" allow="accelerometer; autoplay; clipboard-write; encrypted-media; gyroscope; picture-in-picture; web-share" referrerpolicy="strict-origin-when-cross-origin" allowfullscreen></iframe></p>
<p>&nbsp;</p>
<p>&nbsp;</p>
<p>&nbsp;</p>

<iframe title="Entrevista a Emilio Espín y Marc Espín sobre el libro #Descartados en TVX" width="1379" height="776" src="https://www.youtube.com/embed/A4b1hc4sx0Y?feature=oembed" frameborder="0" allow="accelerometer; autoplay; clipboard-write; encrypted-media; gyroscope; picture-in-picture" allowfullscreen></iframe>

<iframe title="Entrevista a Emilio Espín y Marc Espín sobre el libro #Descartados en TVX" width="1383" height="778" src="https://www.youtube.com/embed/A4b1hc4sx0Y?feature=oembed" frameborder="0" allow="accelerometer; autoplay; clipboard-write; encrypted-media; gyroscope; picture-in-picture" allowfullscreen></iframe>

<iframe title="Entrevista a Emilio Espín y Marc Espín sobre el libro #Descartados en TVX" width="500" height="281" src="https://www.youtube.com/embed/A4b1hc4sx0Y?feature=oembed" frameborder="0" allow="accelerometer; autoplay; clipboard-write; encrypted-media; gyroscope; picture-in-picture" allowfullscreen></iframe>

<iframe title="Entrevista a Emilio Espín y Marc Espín sobre el libro #Descartados en TVX" width="500" height="281" src="https://www.youtube.com/embed/A4b1hc4sx0Y?feature=oembed" frameborder="0" allow="accelerometer; autoplay; clipboard-write; encrypted-media; gyroscope; picture-in-picture; web-share" referrerpolicy="strict-origin-when-cross-origin" allowfullscreen></iframe>
