{"id":17726,"date":"2022-02-21T12:40:10","date_gmt":"2022-02-21T12:40:10","guid":{"rendered":"http:\/\/www.baztan.eus\/?post_type=eventos&#038;p=17726"},"modified":"2022-02-21T12:40:10","modified_gmt":"2022-02-21T12:40:10","slug":"concierto-amak","status":"publish","type":"eventos","link":"https:\/\/www.baztan.eus\/es\/eventos\/concierto-amak\/","title":{"rendered":"Concierto AMAK"},"content":{"rendered":"<p><a href=\"https:\/\/amaktaldea.eus\/\"><strong><em>AMAK<\/em><\/strong><\/a><em>\u00a0son cuatro trikis o cuatro panderos a cuatro voces. El grupo formado con las iniciales de sus nombres son Amak. Se trata de Alaitz Telletxea (Alaitz eta Maider), Maixa Lizarribar (Maixa ta Ixiar), Amaia Oreja (M-n Ezten) y Kristina Solano (M-n Ezten). Proponen abrir los moldes de siempre que tiene la m\u00fasica folk vasca para indagar desde los bordes y encarnar una propuesta fuera de las plazas ordinarias. Nos ofrecer\u00e1n un espect\u00e1culo curioso con variantes diversas o combinaciones de trikis, pandero y voz. Canciones propias, versiones de canciones de sus grupos originales y pot-pourri y arreglos de algunas canciones cl\u00e1sicas.<\/em><\/p>\n","protected":false},"featured_media":17725,"template":"","meta":{"_wpml_word_count":["{\"total\":0,\"to_translate\":{\"eu\":2,\"es\":2}}"],"_edit_lock":["1645447071:9"],"_edit_last":["9"],"dias":[";06-3-2022;"],"event_date":["1646524800"],"event_date1":["1646524800"],"event_horario_fin":["20:00"],"event_horario_inicio":["19:00"],"event_location":["15956"],"imagenslia":[""],"_wpml_media_duplicate":["1"],"_wpml_media_featured":["1"],"autor_o":[""],"boton1":[""],"boton1u":[""],"event_ext":[""],"event_horario":[""],"fechas":[""],"importe":[""],"inscripcion":[""],"nota":[""],"ponente":[""],"_last_translation_edit_mode":["native-editor"],"_thumbnail_id":["17725"]},"class_list":["post-17726","eventos","type-eventos","status-publish","has-post-thumbnail","hentry","categoriaeventos-bailables"],"_links":{"self":[{"href":"https:\/\/www.baztan.eus\/es\/wp-json\/wp\/v2\/eventos\/17726","targetHints":{"allow":["GET"]}}],"collection":[{"href":"https:\/\/www.baztan.eus\/es\/wp-json\/wp\/v2\/eventos"}],"about":[{"href":"https:\/\/www.baztan.eus\/es\/wp-json\/wp\/v2\/types\/eventos"}],"wp:featuredmedia":[{"embeddable":true,"href":"https:\/\/www.baztan.eus\/es\/wp-json\/wp\/v2\/media\/17725"}],"wp:attachment":[{"href":"https:\/\/www.baztan.eus\/es\/wp-json\/wp\/v2\/media?parent=17726"}],"curies":[{"name":"wp","href":"https:\/\/api.w.org\/{rel}","templated":true}]}}

<p><a href="https://amaktaldea.eus/"><strong><em>AMAK</em></strong></a><em> son cuatro trikis o cuatro panderos a cuatro voces. El grupo formado con las iniciales de sus nombres son Amak. Se trata de Alaitz Telletxea (Alaitz eta Maider), Maixa Lizarribar (Maixa ta Ixiar), Amaia Oreja (M-n Ezten) y Kristina Solano (M-n Ezten). Proponen abrir los moldes de siempre que tiene la música folk vasca para indagar desde los bordes y encarnar una propuesta fuera de las plazas ordinarias. Nos ofrecerán un espectáculo curioso con variantes diversas o combinaciones de trikis, pandero y voz. Canciones propias, versiones de canciones de sus grupos originales y pot-pourri y arreglos de algunas canciones clásicas.</em></p>
