{"id":18958,"date":"2022-09-14T07:15:31","date_gmt":"2022-09-14T07:15:31","guid":{"rendered":"http:\/\/www.baztan.eus\/?post_type=eventos&#038;p=18958"},"modified":"2022-09-26T07:47:54","modified_gmt":"2022-09-26T07:47:54","slug":"ensuenos-de-folk-arineketan","status":"publish","type":"eventos","link":"https:\/\/www.baztan.eus\/es\/eventos\/ensuenos-de-folk-arineketan\/","title":{"rendered":"Ensue\u00f1os de Folk 2022 ARINEKETAN"},"content":{"rendered":"<p>Arineketan es un proyecto conjunto de I\u00f1ar Sastre y Jagoba Astiazaran. Fruto de esta colaboraci\u00f3n, nace el trabajo musical del mismo nombre reci\u00e9n publicado. Se basa en una antigua amistad y responde a la necesidad de crear juntos y hacer m\u00fasica.<\/p>\n<p>Han tomado como punto de partida el 250 aniversario del recopilador de folklore J.I. Iztueta, y su libro \u00abGuipuzcoaco dantza memorangarriak condaira edo historia\u00bb. Su m\u00fasica y sus palabras le han abierto el camino, le han a\u00f1adido sus propias creaciones basadas en melod\u00edas y ritmos vascos.<\/p>\n<p>\u00bfA partir de ah\u00ed? Juego, broma, broma y diversi\u00f3n. La compenetraci\u00f3n entre el txistu y el piano, y la fuga. Por cierto, desempolvar muchas de las viejas melod\u00edas del folklore vasco y dejar a disposici\u00f3n de los grupos de danza actuales un nuevo material<\/p>\n","protected":false},"featured_media":19056,"template":"","meta":{"_wpml_word_count":["{\"total\":0,\"to_translate\":{\"eu\":2,\"es\":2}}"],"_edit_lock":["1664178343:9"],"_edit_last":["9"],"dias":[";13-11-2022;"],"event_date":["1668297600"],"event_date1":["1668297600"],"event_horario_inicio":["18:00"],"event_location":["15956"],"imagenslia":[""],"_wpml_media_duplicate":["1"],"_wpml_media_featured":["1"],"autor_o":[""],"boton1":[""],"boton1u":[""],"event_ext":[""],"event_horario":[""],"fechas":[""],"importe":[""],"inscripcion":[""],"nota":[""],"ponente":[""],"_last_translation_edit_mode":["native-editor"],"_thumbnail_id":["19056"],"event_horario_fin":["19:30"]},"class_list":["post-18958","eventos","type-eventos","status-publish","has-post-thumbnail","hentry"],"_links":{"self":[{"href":"https:\/\/www.baztan.eus\/es\/wp-json\/wp\/v2\/eventos\/18958","targetHints":{"allow":["GET"]}}],"collection":[{"href":"https:\/\/www.baztan.eus\/es\/wp-json\/wp\/v2\/eventos"}],"about":[{"href":"https:\/\/www.baztan.eus\/es\/wp-json\/wp\/v2\/types\/eventos"}],"wp:featuredmedia":[{"embeddable":true,"href":"https:\/\/www.baztan.eus\/es\/wp-json\/wp\/v2\/media\/19056"}],"wp:attachment":[{"href":"https:\/\/www.baztan.eus\/es\/wp-json\/wp\/v2\/media?parent=18958"}],"curies":[{"name":"wp","href":"https:\/\/api.w.org\/{rel}","templated":true}]}}

Ensueños de Folk 2022 ARINEKETAN

<p>Arineketan es un proyecto conjunto de Iñar Sastre y Jagoba Astiazaran. Fruto de esta colaboración, nace el trabajo musical del mismo nombre recién publicado. Se basa en una antigua amistad y responde a la necesidad de crear juntos y hacer música.</p>
<p>Han tomado como punto de partida el 250 aniversario del recopilador de folklore J.I. Iztueta, y su libro «Guipuzcoaco dantza memorangarriak condaira edo historia». Su música y sus palabras le han abierto el camino, le han añadido sus propias creaciones basadas en melodías y ritmos vascos.</p>
<p>¿A partir de ahí? Juego, broma, broma y diversión. La compenetración entre el txistu y el piano, y la fuga. Por cierto, desempolvar muchas de las viejas melodías del folklore vasco y dejar a disposición de los grupos de danza actuales un nuevo material</p>
