{"id":21870,"date":"2023-11-22T09:57:20","date_gmt":"2023-11-22T09:57:20","guid":{"rendered":"https:\/\/www.baztan.eus\/?post_type=eventos&#038;p=21870"},"modified":"2023-11-22T09:57:20","modified_gmt":"2023-11-22T09:57:20","slug":"exposicion-montana-en-femenino-en-arizkunenea","status":"publish","type":"eventos","link":"https:\/\/www.baztan.eus\/es\/eventos\/exposicion-montana-en-femenino-en-arizkunenea\/","title":{"rendered":"Exposici\u00f3n \u201cMonta\u00f1a en Femenino\u201d en Arizkunenea"},"content":{"rendered":"<h2>Exposici\u00f3n \u201cMONTA\u00d1A EN FEMENINO\u201d<\/h2>\n<p>El fot\u00f3grafo Jon Mart\u00ednez Ibarra ha retratado a 40 mujeres del \u00e1mbito del monta\u00f1ismo, 16 se encuentran en esta exposici\u00f3n. Es una manera de visibilizar y poner en valor la presencia femenina en los deportes de monta\u00f1a.<\/p>\n<p>&#x1f4c6; Del 1 al 20 de diciembre<br \/>\n&#x1f4cd; Arizkunenea, primer piso<\/p>\n<p><a href=\"https:\/\/www.baztan.eus\/wp-content\/uploads\/2023\/11\/Mendia-Femeninoan-kartela-2.jpg\" target=\"_blank\" rel=\"noopener\"><img loading=\"lazy\" decoding=\"async\" class=\"aligncenter wp-image-21869 size-large\" src=\"https:\/\/www.baztan.eus\/wp-content\/uploads\/2023\/11\/Mendia-Femeninoan-kartela-2-1024x683.jpg\" alt=\"\" width=\"1024\" height=\"683\" srcset=\"https:\/\/www.baztan.eus\/wp-content\/uploads\/2023\/11\/Mendia-Femeninoan-kartela-2-1024x683.jpg 1024w, https:\/\/www.baztan.eus\/wp-content\/uploads\/2023\/11\/Mendia-Femeninoan-kartela-2-300x200.jpg 300w, https:\/\/www.baztan.eus\/wp-content\/uploads\/2023\/11\/Mendia-Femeninoan-kartela-2-768x512.jpg 768w, https:\/\/www.baztan.eus\/wp-content\/uploads\/2023\/11\/Mendia-Femeninoan-kartela-2-173x115.jpg 173w, https:\/\/www.baztan.eus\/wp-content\/uploads\/2023\/11\/Mendia-Femeninoan-kartela-2.jpg 1416w\" sizes=\"auto, (max-width: 1024px) 100vw, 1024px\" \/><\/a><\/p>\n<p>\u201cMonta\u00f1a en Femenino\u201d es una manera de visibilizar y poner en valor la presencia femenina en los deportes de monta\u00f1a. Se trata de mostrar una realidad en muchos casos desconocida.<\/p>\n<p>\u201cMonta\u00f1a en Femenino\u201d habla de igualdad, habla de mujeres y habla de la monta\u00f1a, pero sin mostrar la monta\u00f1a. El fot\u00f3grafo Jon Mart\u00ednez Ibarra ha retratado a 40 mujeres del \u00e1mbito del monta\u00f1ismo. Una muestra de 16 de ellos se encuentra en esta exposici\u00f3n. La exposici\u00f3n \u00abMonta\u00f1a en femenino\u00bb, muestra una impecable selecci\u00f3n de retratos en blanco y negro de referentes del monta\u00f1ismo en sus diferentes modalidades.<\/p>\n<p>Fotograf\u00edas de mujeres que han hecho de la monta\u00f1a su forma de vida. Muestran su voluntad y fortaleza, muestran tambi\u00e9n los sue\u00f1os de mujeres que han llevado sus vidas al l\u00edmite por una pasi\u00f3n, la monta\u00f1a. Im\u00e1genes que trasmiten energ\u00eda, mujeres que miran a los ojos invit\u00e1ndonos a reflexionar.<\/p>\n<p>Edurne Pasaban, alpinista vasca afirmaba en una entrevista que: \u00abLa monta\u00f1a es una gran escuela, que me ha ense\u00f1ado a ser humilde y a valorar las cosas que tenemos, a tener tes\u00f3n, a no tirar la toalla y sobre todo a respetar a las personas y a la naturaleza\u00bb.<\/p>\n<p>&nbsp;<\/p>\n","protected":false},"featured_media":21869,"template":"","meta":{"_wpml_media_duplicate":["1"],"_wpml_media_featured":["1"],"_wpml_word_count":["{\"total\":185,\"to_translate\":{\"es\":185}}"],"event_ext":["Estar\u00e1 expuesta entre el 1 de diciembre y el 20 de diciembre en la primera planta de Arizkunenea."],"event_location":[""],"imagenslia":[""],"event_horario":[""],"event_horario_inicio":[""],"event_horario_fin":[""],"fechas":[""],"importe":[""],"inscripcion":[""],"botonve":[""],"botonveu":[""],"ponente":[""],"autor_o":[""],"nota":[""],"boton1":[""],"boton1u":[""],"barra":["general"],"mostrar_barra":["1"],"dias":[";01-12-2023;02-12-2023;03-12-2023;04-12-2023;05-12-2023;06-12-2023;07-12-2023;08-12-2023;09-12-2023;10-12-2023;11-12-2023;12-12-2023;13-12-2023;14-12-2023;15-12-2023;16-12-2023;17-12-2023;18-12-2023;19-12-2023;20-12-2023;"],"event_date":["1701388800"],"event_date1":["1703030400"],"_edit_lock":["1700647267:3"],"_edit_last":["3"],"_thumbnail_id":["21869"]},"class_list":["post-21870","eventos","type-eventos","status-publish","has-post-thumbnail","hentry","categoriaeventos-artea-es","categoriaeventos-berdintasuna","categoriaeventos-erakusketa-es"],"_links":{"self":[{"href":"https:\/\/www.baztan.eus\/es\/wp-json\/wp\/v2\/eventos\/21870","targetHints":{"allow":["GET"]}}],"collection":[{"href":"https:\/\/www.baztan.eus\/es\/wp-json\/wp\/v2\/eventos"}],"about":[{"href":"https:\/\/www.baztan.eus\/es\/wp-json\/wp\/v2\/types\/eventos"}],"wp:featuredmedia":[{"embeddable":true,"href":"https:\/\/www.baztan.eus\/es\/wp-json\/wp\/v2\/media\/21869"}],"wp:attachment":[{"href":"https:\/\/www.baztan.eus\/es\/wp-json\/wp\/v2\/media?parent=21870"}],"curies":[{"name":"wp","href":"https:\/\/api.w.org\/{rel}","templated":true}]}}

Exposición “Montaña en Femenino” en Arizkunenea

<h2>Exposición “MONTAÑA EN FEMENINO”</h2>
<p>El fotógrafo Jon Martínez Ibarra ha retratado a 40 mujeres del ámbito del montañismo, 16 se encuentran en esta exposición. Es una manera de visibilizar y poner en valor la presencia femenina en los deportes de montaña.</p>
<p>&#x1f4c6; Del 1 al 20 de diciembre<br />
&#x1f4cd; Arizkunenea, primer piso</p>
<p><a href="https://www.baztan.eus/wp-content/uploads/2023/11/Mendia-Femeninoan-kartela-2.jpg" target="_blank" rel="noopener"><img loading="lazy" decoding="async" class="aligncenter wp-image-21869 size-large" src="https://www.baztan.eus/wp-content/uploads/2023/11/Mendia-Femeninoan-kartela-2-1024x683.jpg" alt="" width="1024" height="683" srcset="https://www.baztan.eus/wp-content/uploads/2023/11/Mendia-Femeninoan-kartela-2-1024x683.jpg 1024w, https://www.baztan.eus/wp-content/uploads/2023/11/Mendia-Femeninoan-kartela-2-300x200.jpg 300w, https://www.baztan.eus/wp-content/uploads/2023/11/Mendia-Femeninoan-kartela-2-768x512.jpg 768w, https://www.baztan.eus/wp-content/uploads/2023/11/Mendia-Femeninoan-kartela-2-173x115.jpg 173w, https://www.baztan.eus/wp-content/uploads/2023/11/Mendia-Femeninoan-kartela-2.jpg 1416w" sizes="auto, (max-width: 1024px) 100vw, 1024px" /></a></p>
<p>“Montaña en Femenino” es una manera de visibilizar y poner en valor la presencia femenina en los deportes de montaña. Se trata de mostrar una realidad en muchos casos desconocida.</p>
<p>“Montaña en Femenino” habla de igualdad, habla de mujeres y habla de la montaña, pero sin mostrar la montaña. El fotógrafo Jon Martínez Ibarra ha retratado a 40 mujeres del ámbito del montañismo. Una muestra de 16 de ellos se encuentra en esta exposición. La exposición «Montaña en femenino», muestra una impecable selección de retratos en blanco y negro de referentes del montañismo en sus diferentes modalidades.</p>
<p>Fotografías de mujeres que han hecho de la montaña su forma de vida. Muestran su voluntad y fortaleza, muestran también los sueños de mujeres que han llevado sus vidas al límite por una pasión, la montaña. Imágenes que trasmiten energía, mujeres que miran a los ojos invitándonos a reflexionar.</p>
<p>Edurne Pasaban, alpinista vasca afirmaba en una entrevista que: «La montaña es una gran escuela, que me ha enseñado a ser humilde y a valorar las cosas que tenemos, a tener tesón, a no tirar la toalla y sobre todo a respetar a las personas y a la naturaleza».</p>
<p>&nbsp;</p>

Estará expuesta entre el 1 de diciembre y el 20 de diciembre en la primera planta de Arizkunenea.
