{"id":23363,"date":"2024-08-28T08:32:32","date_gmt":"2024-08-28T08:32:32","guid":{"rendered":"https:\/\/www.baztan.eus\/?post_type=eventos&#038;p=23363"},"modified":"2024-08-28T08:33:04","modified_gmt":"2024-08-28T08:33:04","slug":"concierto-anari","status":"publish","type":"eventos","link":"https:\/\/www.baztan.eus\/es\/eventos\/concierto-anari\/","title":{"rendered":"Concierto ANARI"},"content":{"rendered":"<p>ANARI es una de las voces m\u00e1s personales de la escena musical vasca, desde que en 1996 debutara con su primer \u00e1lbum hom\u00f3nimo <em>Anari<\/em>. Obra que m\u00e1s tarde completar\u00eda con\u00a0<em>Habiak<\/em>,\u00a0<em>Zebra<\/em>,\u00a0<em>Irla Izan<\/em>\u00a0edo\u00a0<em>Zure aurrekari penalak<\/em>\u00a0y\u00a0<em>Epilogo bat<\/em>\u00a0.<\/p>\n<p>Trayectoria en la que ha grabado con un nutrido elenco de m\u00fasicos, entre ellos Mikel Txopeitia, Xabier Olazabal o Karlos Osinaga\u00a0<em>Txap<\/em>, que la acompa\u00f1an desde su debut, y junto a los que ha creado no solo la voz sino tambi\u00e9n los ambientes y el sonido tan personal que emana. En 2018 recibi\u00f3 el premio Adarra Saria, en reconocimiento a su carrera musical y po\u00e9tica.<\/p>\n<p>Organiza.: Servicio municipal de Cultura<\/p>\n","protected":false},"featured_media":23362,"template":"","meta":{"_wpml_word_count":["{\"total\":109,\"to_translate\":{\"eu\":109}}"],"_edit_lock":["1724833862:9"],"_edit_last":["9"],"_thumbnail_id":["23362"],"event_ext":[""],"event_location":["15956"],"imagenslia":[""],"event_horario":["19:00"],"event_horario_inicio":["19:00"],"event_horario_fin":["20:00"],"fechas":[""],"importe":[""],"inscripcion":[""],"botonve":[""],"botonveu":[""],"ponente":[""],"autor_o":[""],"nota":[""],"boton1":[""],"boton1u":[""],"barra":["general"],"mostrar_barra":["1"],"dias":[";18-10-2024;"],"event_date":["1729209600"],"event_date1":["1729209600"],"_exactmetrics_sitenote_active":["0"]},"class_list":["post-23363","eventos","type-eventos","status-publish","has-post-thumbnail","hentry","categoriaeventos-musika-2"],"_links":{"self":[{"href":"https:\/\/www.baztan.eus\/es\/wp-json\/wp\/v2\/eventos\/23363","targetHints":{"allow":["GET"]}}],"collection":[{"href":"https:\/\/www.baztan.eus\/es\/wp-json\/wp\/v2\/eventos"}],"about":[{"href":"https:\/\/www.baztan.eus\/es\/wp-json\/wp\/v2\/types\/eventos"}],"wp:featuredmedia":[{"embeddable":true,"href":"https:\/\/www.baztan.eus\/es\/wp-json\/wp\/v2\/media\/23362"}],"wp:attachment":[{"href":"https:\/\/www.baztan.eus\/es\/wp-json\/wp\/v2\/media?parent=23363"}],"curies":[{"name":"wp","href":"https:\/\/api.w.org\/{rel}","templated":true}]}}

<p>ANARI es una de las voces más personales de la escena musical vasca, desde que en 1996 debutara con su primer álbum homónimo <em>Anari</em>. Obra que más tarde completaría con <em>Habiak</em>, <em>Zebra</em>, <em>Irla Izan</em> edo <em>Zure aurrekari penalak</em> y <em>Epilogo bat</em> .</p>
<p>Trayectoria en la que ha grabado con un nutrido elenco de músicos, entre ellos Mikel Txopeitia, Xabier Olazabal o Karlos Osinaga <em>Txap</em>, que la acompañan desde su debut, y junto a los que ha creado no solo la voz sino también los ambientes y el sonido tan personal que emana. En 2018 recibió el premio Adarra Saria, en reconocimiento a su carrera musical y poética.</p>
<p>Organiza.: Servicio municipal de Cultura</p>
