{"id":25605,"date":"2025-09-22T11:29:00","date_gmt":"2025-09-22T11:29:00","guid":{"rendered":"https:\/\/www.baztan.eus\/?post_type=eventos&#038;p=25605"},"modified":"2025-09-22T11:29:00","modified_gmt":"2025-09-22T11:29:00","slug":"performance-teatral-lotura-basatiak-en-irurita","status":"publish","type":"eventos","link":"https:\/\/www.baztan.eus\/es\/eventos\/performance-teatral-lotura-basatiak-en-irurita\/","title":{"rendered":"Performance teatral \u00abLotura Basatiak\u00bb en Irurita"},"content":{"rendered":"<p><strong><a href=\"https:\/\/www.baztan.eus\/wp-content\/uploads\/2025\/09\/DEF-kartel-berria-scaled.png\" target=\"_blank\" rel=\"noopener\"><img loading=\"lazy\" decoding=\"async\" class=\"alignleft wp-image-25441  lazy loaded\" src=\"https:\/\/www.baztan.eus\/wp-content\/uploads\/2025\/09\/DEF-kartel-berria-212x300.png\" sizes=\"auto, (max-width: 212px) 100vw, 212px\" srcset=\"https:\/\/www.baztan.eus\/wp-content\/uploads\/2025\/09\/DEF-kartel-berria-212x300.png 212w, https:\/\/www.baztan.eus\/wp-content\/uploads\/2025\/09\/DEF-kartel-berria-724x1024.png 724w, https:\/\/www.baztan.eus\/wp-content\/uploads\/2025\/09\/DEF-kartel-berria-768x1086.png 768w, https:\/\/www.baztan.eus\/wp-content\/uploads\/2025\/09\/DEF-kartel-berria-1086x1536.png 1086w, https:\/\/www.baztan.eus\/wp-content\/uploads\/2025\/09\/DEF-kartel-berria-1449x2048.png 1449w, https:\/\/www.baztan.eus\/wp-content\/uploads\/2025\/09\/DEF-kartel-berria-81x115.png 81w, https:\/\/www.baztan.eus\/wp-content\/uploads\/2025\/09\/DEF-kartel-berria-scaled.png 1811w\" alt=\"\" width=\"230\" height=\"325\" data-src=\"https:\/\/www.baztan.eus\/wp-content\/uploads\/2025\/09\/DEF-kartel-berria-212x300.png\" data-srcset=\"https:\/\/www.baztan.eus\/wp-content\/uploads\/2025\/09\/DEF-kartel-berria-212x300.png 212w, https:\/\/www.baztan.eus\/wp-content\/uploads\/2025\/09\/DEF-kartel-berria-724x1024.png 724w, https:\/\/www.baztan.eus\/wp-content\/uploads\/2025\/09\/DEF-kartel-berria-768x1086.png 768w, https:\/\/www.baztan.eus\/wp-content\/uploads\/2025\/09\/DEF-kartel-berria-1086x1536.png 1086w, https:\/\/www.baztan.eus\/wp-content\/uploads\/2025\/09\/DEF-kartel-berria-1449x2048.png 1449w, https:\/\/www.baztan.eus\/wp-content\/uploads\/2025\/09\/DEF-kartel-berria-81x115.png 81w, https:\/\/www.baztan.eus\/wp-content\/uploads\/2025\/09\/DEF-kartel-berria-scaled.png 1811w\" data-sizes=\"(max-width: 212px) 100vw, 212px\" data-was-processed=\"true\" \/><\/a>El viernes 26 de septiembre a las 19:00 en el teatro de Irurita, se presentar\u00e1 la performance \u00abLotura Basatiak\u00bb dentro del ciclo AMArtean<\/strong>, impulsado por los Servicios Sociales de Base y el Servicio de Igualdad del Ayuntamiento de Baztan. Esta pieza esc\u00e9nica es una propuesta art\u00edstica que explora los lazos invisibles \u2014y a veces salvajes\u2014 que nacen en torno a la experiencia materna.<\/p>\n<p>\u00abLotura Basatiak\u00bb no es una obra de teatro al uso. Se trata de una intervenci\u00f3n corporal y emocional que invita al p\u00fablico a entrar en el mundo interior de quienes maternan, con sus contradicciones, potencias y fragilidades. El cuerpo, el movimiento y la palabra se entrelazan en esta pieza que apela a lo m\u00e1s profundo y visceral del cuidado y los v\u00ednculos.<\/p>\n<p>La fuerza de esta performance reside en su capacidad de romper moldes. Nos desaf\u00eda a salir de la comodidad del discurso dominante sobre la maternidad \u2014idealizado, dulce, callado\u2014 para dar lugar a experiencias reales, a veces inc\u00f3modas, siempre necesarias. El arte, en este caso, se convierte en una forma de resistencia y de expresi\u00f3n pol\u00edtica.<\/p>\n<p>Recomendamos asistir a esta representaci\u00f3n. No es necesario ser madre para emocionarse ni para entender lo que est\u00e1 en juego. Basta con tener disposici\u00f3n a mirar m\u00e1s all\u00e1 de lo evidente. \u00abLotura Basatiak\u00bb nos interpela a todas y todos, y nos recuerda que maternar tambi\u00e9n es una forma de lucha.<\/p>\n","protected":false},"featured_media":25601,"template":"","meta":{"_wpml_word_count":["{\"total\":166,\"to_translate\":{\"es\":166}}"],"event_ext":["\u00abLotura Basatiak\u00bb nos interpela a todas y todos, y nos recuerda que maternar tambi\u00e9n es una forma de lucha."],"event_location":[""],"imagenslia":[""],"event_horario":["19:00"],"event_horario_inicio":["19:00"],"event_horario_fin":[""],"fechas":[""],"importe":[""],"inscripcion":[""],"botonve":[""],"botonveu":[""],"ponente":[""],"autor_o":[""],"nota":[""],"boton1":[""],"boton1u":[""],"barra":["general"],"mostrar_barra":["1"],"dias":[";26-9-2025;"],"event_date":["1758844800"],"event_date1":["1758844800"],"_edit_lock":["1758540560:3"],"_edit_last":["3"],"_thumbnail_id":["25601"],"_exactmetrics_sitenote_active":["0"]},"class_list":["post-25605","eventos","type-eventos","status-publish","has-post-thumbnail","hentry","categoriaeventos-antzerkia-es","categoriaeventos-artea-es","categoriaeventos-berdintasuna","categoriaeventos-danza","categoriaeventos-euskara-es"],"_links":{"self":[{"href":"https:\/\/www.baztan.eus\/es\/wp-json\/wp\/v2\/eventos\/25605","targetHints":{"allow":["GET"]}}],"collection":[{"href":"https:\/\/www.baztan.eus\/es\/wp-json\/wp\/v2\/eventos"}],"about":[{"href":"https:\/\/www.baztan.eus\/es\/wp-json\/wp\/v2\/types\/eventos"}],"wp:featuredmedia":[{"embeddable":true,"href":"https:\/\/www.baztan.eus\/es\/wp-json\/wp\/v2\/media\/25601"}],"wp:attachment":[{"href":"https:\/\/www.baztan.eus\/es\/wp-json\/wp\/v2\/media?parent=25605"}],"curies":[{"name":"wp","href":"https:\/\/api.w.org\/{rel}","templated":true}]}}

<p><strong><a href="https://www.baztan.eus/wp-content/uploads/2025/09/DEF-kartel-berria-scaled.png" target="_blank" rel="noopener"><img loading="lazy" decoding="async" class="alignleft wp-image-25441  lazy loaded" src="https://www.baztan.eus/wp-content/uploads/2025/09/DEF-kartel-berria-212x300.png" sizes="auto, (max-width: 212px) 100vw, 212px" srcset="https://www.baztan.eus/wp-content/uploads/2025/09/DEF-kartel-berria-212x300.png 212w, https://www.baztan.eus/wp-content/uploads/2025/09/DEF-kartel-berria-724x1024.png 724w, https://www.baztan.eus/wp-content/uploads/2025/09/DEF-kartel-berria-768x1086.png 768w, https://www.baztan.eus/wp-content/uploads/2025/09/DEF-kartel-berria-1086x1536.png 1086w, https://www.baztan.eus/wp-content/uploads/2025/09/DEF-kartel-berria-1449x2048.png 1449w, https://www.baztan.eus/wp-content/uploads/2025/09/DEF-kartel-berria-81x115.png 81w, https://www.baztan.eus/wp-content/uploads/2025/09/DEF-kartel-berria-scaled.png 1811w" alt="" width="230" height="325" data-src="https://www.baztan.eus/wp-content/uploads/2025/09/DEF-kartel-berria-212x300.png" data-srcset="https://www.baztan.eus/wp-content/uploads/2025/09/DEF-kartel-berria-212x300.png 212w, https://www.baztan.eus/wp-content/uploads/2025/09/DEF-kartel-berria-724x1024.png 724w, https://www.baztan.eus/wp-content/uploads/2025/09/DEF-kartel-berria-768x1086.png 768w, https://www.baztan.eus/wp-content/uploads/2025/09/DEF-kartel-berria-1086x1536.png 1086w, https://www.baztan.eus/wp-content/uploads/2025/09/DEF-kartel-berria-1449x2048.png 1449w, https://www.baztan.eus/wp-content/uploads/2025/09/DEF-kartel-berria-81x115.png 81w, https://www.baztan.eus/wp-content/uploads/2025/09/DEF-kartel-berria-scaled.png 1811w" data-sizes="(max-width: 212px) 100vw, 212px" data-was-processed="true" /></a>El viernes 26 de septiembre a las 19:00 en el teatro de Irurita, se presentará la performance «Lotura Basatiak» dentro del ciclo AMArtean</strong>, impulsado por los Servicios Sociales de Base y el Servicio de Igualdad del Ayuntamiento de Baztan. Esta pieza escénica es una propuesta artística que explora los lazos invisibles —y a veces salvajes— que nacen en torno a la experiencia materna.</p>
<p>«Lotura Basatiak» no es una obra de teatro al uso. Se trata de una intervención corporal y emocional que invita al público a entrar en el mundo interior de quienes maternan, con sus contradicciones, potencias y fragilidades. El cuerpo, el movimiento y la palabra se entrelazan en esta pieza que apela a lo más profundo y visceral del cuidado y los vínculos.</p>
<p>La fuerza de esta performance reside en su capacidad de romper moldes. Nos desafía a salir de la comodidad del discurso dominante sobre la maternidad —idealizado, dulce, callado— para dar lugar a experiencias reales, a veces incómodas, siempre necesarias. El arte, en este caso, se convierte en una forma de resistencia y de expresión política.</p>
<p>Recomendamos asistir a esta representación. No es necesario ser madre para emocionarse ni para entender lo que está en juego. Basta con tener disposición a mirar más allá de lo evidente. «Lotura Basatiak» nos interpela a todas y todos, y nos recuerda que maternar también es una forma de lucha.</p>

«Lotura Basatiak» nos interpela a todas y todos, y nos recuerda que maternar también es una forma de lucha.
