{"id":25954,"date":"2025-11-02T10:52:00","date_gmt":"2025-11-02T10:52:00","guid":{"rendered":"https:\/\/www.baztan.eus\/?post_type=eventos&#038;p=25954"},"modified":"2025-11-02T10:54:58","modified_gmt":"2025-11-02T10:54:58","slug":"charla-violencia-economica-no-pagar-la-pension-alimenticia-es-violencia-economica-contra-las-mujeres","status":"publish","type":"eventos","link":"https:\/\/www.baztan.eus\/es\/eventos\/charla-violencia-economica-no-pagar-la-pension-alimenticia-es-violencia-economica-contra-las-mujeres\/","title":{"rendered":"Charla \u00abViolencia econ\u00f3mica: no pagar la pensi\u00f3n alimenticia es violencia econ\u00f3mica contra las mujeres\u00bb"},"content":{"rendered":"<h3><strong><a href=\"https:\/\/www.baztan.eus\/wp-content\/uploads\/2025\/10\/A25-kartel-orokorra-EUSK_A3.jpg-scaled.jpg\" target=\"_blank\" rel=\"noopener\"><img loading=\"lazy\" decoding=\"async\" class=\"alignleft wp-image-25924 \" src=\"https:\/\/www.baztan.eus\/wp-content\/uploads\/2025\/10\/A25-kartel-orokorra-EUSK_A3.jpg-212x300.jpg\" alt=\"\" width=\"193\" height=\"273\" srcset=\"https:\/\/www.baztan.eus\/wp-content\/uploads\/2025\/10\/A25-kartel-orokorra-EUSK_A3.jpg-212x300.jpg 212w, https:\/\/www.baztan.eus\/wp-content\/uploads\/2025\/10\/A25-kartel-orokorra-EUSK_A3.jpg-724x1024.jpg 724w, https:\/\/www.baztan.eus\/wp-content\/uploads\/2025\/10\/A25-kartel-orokorra-EUSK_A3.jpg-768x1086.jpg 768w, https:\/\/www.baztan.eus\/wp-content\/uploads\/2025\/10\/A25-kartel-orokorra-EUSK_A3.jpg-1086x1536.jpg 1086w, https:\/\/www.baztan.eus\/wp-content\/uploads\/2025\/10\/A25-kartel-orokorra-EUSK_A3.jpg-1448x2048.jpg 1448w, https:\/\/www.baztan.eus\/wp-content\/uploads\/2025\/10\/A25-kartel-orokorra-EUSK_A3.jpg-81x115.jpg 81w, https:\/\/www.baztan.eus\/wp-content\/uploads\/2025\/10\/A25-kartel-orokorra-EUSK_A3.jpg-scaled.jpg 1810w\" sizes=\"auto, (max-width: 193px) 100vw, 193px\" \/><\/a>En el marco de la agenda por el 25 de noviembre, una charla analizar\u00e1 la violencia econ\u00f3mica desde la perspectiva de g\u00e9nero en Baztan<br \/>\n<\/strong><\/h3>\n<p>El Servicio de Igualdad del Ayuntamiento de Baztan organiza una interesante conferencia bajo el t\u00edtulo <strong>\u201cNo pagar la pensi\u00f3n alimenticia, violencia econ\u00f3mica contra las mujeres\u201d<\/strong>, que se celebrar\u00e1 el <strong>jueves 27 de noviembre a las 17:30 horas en <\/strong>el tercer piso de<strong> Arizkunenea<\/strong>.<\/p>\n<p>La ponente <strong>Ixaxi P\u00e9rez Fern\u00e1ndez <\/strong>es licenciada en Derecho, M\u00e1ster en Derechos Humanos, experta en G\u00e9nero, M\u00e1ster Universitario G\u00e9nero, Mujeres e Igualdad y t\u00e9cnica de Igualdad. Abordar\u00e1 las consecuencias de la falta de pago intencionado de las pensiones de alimentos y su impacto en la vida de las mujeres y menores, ofreciendo una mirada cr\u00edtica desde la perspectiva de g\u00e9nero.<\/p>\n<p>Esta actividad busca visibilizar la violencia econ\u00f3mica como una de las formas menos reconocidas, pero m\u00e1s extendidas, de violencia machista, y generar conciencia sobre la necesidad de una respuesta social y judicial efectiva.<\/p>\n<p>El Ayuntamiento anima a todas las personas interesadas a participar en esta cita de reflexi\u00f3n, aprendizaje y sensibilizaci\u00f3n, as\u00ed como en el resto de actividades y movilizaciones organizadas en torno a esta importante fecha.<\/p>\n<p><a href=\"https:\/\/labur.eus\/25N2025\">https:\/\/labur.eus\/25N2025<\/a><\/p>\n<p>&nbsp;<\/p>\n<p>&nbsp;<\/p>\n<p>&nbsp;<\/p>\n<p><a href=\"https:\/\/www.baztan.eus\/wp-content\/uploads\/2025\/10\/A25-ekintzekin-DEF.jpeg\" target=\"_blank\" rel=\"noopener\"><img loading=\"lazy\" decoding=\"async\" class=\"aligncenter wp-image-25942 size-large\" src=\"https:\/\/www.baztan.eus\/wp-content\/uploads\/2025\/10\/A25-ekintzekin-DEF-724x1024.jpeg\" alt=\"\" width=\"724\" height=\"1024\" srcset=\"https:\/\/www.baztan.eus\/wp-content\/uploads\/2025\/10\/A25-ekintzekin-DEF-724x1024.jpeg 724w, https:\/\/www.baztan.eus\/wp-content\/uploads\/2025\/10\/A25-ekintzekin-DEF-212x300.jpeg 212w, https:\/\/www.baztan.eus\/wp-content\/uploads\/2025\/10\/A25-ekintzekin-DEF-768x1086.jpeg 768w, https:\/\/www.baztan.eus\/wp-content\/uploads\/2025\/10\/A25-ekintzekin-DEF-1086x1536.jpeg 1086w, https:\/\/www.baztan.eus\/wp-content\/uploads\/2025\/10\/A25-ekintzekin-DEF-81x115.jpeg 81w, https:\/\/www.baztan.eus\/wp-content\/uploads\/2025\/10\/A25-ekintzekin-DEF.jpeg 1131w\" sizes=\"auto, (max-width: 724px) 100vw, 724px\" \/><\/a><\/p>\n","protected":false},"featured_media":25926,"template":"","meta":{"_wpml_word_count":["{\"total\":125,\"to_translate\":{\"es\":125}}"],"event_ext":["El Servicio de Igualdad del Ayuntamiento de Baztan organiza una interesante conferencia bajo el t\u00edtulo \u201cNo pagar la pensi\u00f3n alimenticia, violencia econ\u00f3mica contra las mujeres\u201d, que se celebrar\u00e1 el jueves 27 de noviembre a las 17:30 horas en el tercer piso de Arizkunenea. No ser\u00e1 necesaria inscripci\u00f3n. "],"imagenslia":[""],"event_horario":[""],"event_horario_inicio":["17:30"],"event_horario_fin":[""],"fechas":[""],"importe":[""],"inscripcion":[""],"botonve":[""],"botonveu":[""],"ponente":[""],"autor_o":[""],"nota":[""],"boton1":[""],"boton1u":[""],"barra":["general"],"mostrar_barra":["1"],"dias":[";27-11-2025;"],"event_date":["1764201600"],"event_date1":["1764201600"],"_edit_lock":["1762080914:3"],"_edit_last":["3"],"_thumbnail_id":["25926"],"_exactmetrics_sitenote_active":["0"],"event_location":["15956"]},"class_list":["post-25954","eventos","type-eventos","status-publish","has-post-thumbnail","hentry","categoriaeventos-berdintasuna","categoriaeventos-cursillos","categoriaeventos-euskara-es"],"_links":{"self":[{"href":"https:\/\/www.baztan.eus\/es\/wp-json\/wp\/v2\/eventos\/25954","targetHints":{"allow":["GET"]}}],"collection":[{"href":"https:\/\/www.baztan.eus\/es\/wp-json\/wp\/v2\/eventos"}],"about":[{"href":"https:\/\/www.baztan.eus\/es\/wp-json\/wp\/v2\/types\/eventos"}],"wp:featuredmedia":[{"embeddable":true,"href":"https:\/\/www.baztan.eus\/es\/wp-json\/wp\/v2\/media\/25926"}],"wp:attachment":[{"href":"https:\/\/www.baztan.eus\/es\/wp-json\/wp\/v2\/media?parent=25954"}],"curies":[{"name":"wp","href":"https:\/\/api.w.org\/{rel}","templated":true}]}}

Charla «Violencia económica: no pagar la pensión alimenticia es violencia económica contra las mujeres»

<h3><strong><a href="https://www.baztan.eus/wp-content/uploads/2025/10/A25-kartel-orokorra-EUSK_A3.jpg-scaled.jpg" target="_blank" rel="noopener"><img loading="lazy" decoding="async" class="alignleft wp-image-25924 " src="https://www.baztan.eus/wp-content/uploads/2025/10/A25-kartel-orokorra-EUSK_A3.jpg-212x300.jpg" alt="" width="193" height="273" srcset="https://www.baztan.eus/wp-content/uploads/2025/10/A25-kartel-orokorra-EUSK_A3.jpg-212x300.jpg 212w, https://www.baztan.eus/wp-content/uploads/2025/10/A25-kartel-orokorra-EUSK_A3.jpg-724x1024.jpg 724w, https://www.baztan.eus/wp-content/uploads/2025/10/A25-kartel-orokorra-EUSK_A3.jpg-768x1086.jpg 768w, https://www.baztan.eus/wp-content/uploads/2025/10/A25-kartel-orokorra-EUSK_A3.jpg-1086x1536.jpg 1086w, https://www.baztan.eus/wp-content/uploads/2025/10/A25-kartel-orokorra-EUSK_A3.jpg-1448x2048.jpg 1448w, https://www.baztan.eus/wp-content/uploads/2025/10/A25-kartel-orokorra-EUSK_A3.jpg-81x115.jpg 81w, https://www.baztan.eus/wp-content/uploads/2025/10/A25-kartel-orokorra-EUSK_A3.jpg-scaled.jpg 1810w" sizes="auto, (max-width: 193px) 100vw, 193px" /></a>En el marco de la agenda por el 25 de noviembre, una charla analizará la violencia económica desde la perspectiva de género en Baztan<br />
</strong></h3>
<p>El Servicio de Igualdad del Ayuntamiento de Baztan organiza una interesante conferencia bajo el título <strong>“No pagar la pensión alimenticia, violencia económica contra las mujeres”</strong>, que se celebrará el <strong>jueves 27 de noviembre a las 17:30 horas en </strong>el tercer piso de<strong> Arizkunenea</strong>.</p>
<p>La ponente <strong>Ixaxi Pérez Fernández </strong>es licenciada en Derecho, Máster en Derechos Humanos, experta en Género, Máster Universitario Género, Mujeres e Igualdad y técnica de Igualdad. Abordará las consecuencias de la falta de pago intencionado de las pensiones de alimentos y su impacto en la vida de las mujeres y menores, ofreciendo una mirada crítica desde la perspectiva de género.</p>
<p>Esta actividad busca visibilizar la violencia económica como una de las formas menos reconocidas, pero más extendidas, de violencia machista, y generar conciencia sobre la necesidad de una respuesta social y judicial efectiva.</p>
<p>El Ayuntamiento anima a todas las personas interesadas a participar en esta cita de reflexión, aprendizaje y sensibilización, así como en el resto de actividades y movilizaciones organizadas en torno a esta importante fecha.</p>
<p><a href="https://labur.eus/25N2025">https://labur.eus/25N2025</a></p>
<p>&nbsp;</p>
<p>&nbsp;</p>
<p>&nbsp;</p>
<p><a href="https://www.baztan.eus/wp-content/uploads/2025/10/A25-ekintzekin-DEF.jpeg" target="_blank" rel="noopener"><img loading="lazy" decoding="async" class="aligncenter wp-image-25942 size-large" src="https://www.baztan.eus/wp-content/uploads/2025/10/A25-ekintzekin-DEF-724x1024.jpeg" alt="" width="724" height="1024" srcset="https://www.baztan.eus/wp-content/uploads/2025/10/A25-ekintzekin-DEF-724x1024.jpeg 724w, https://www.baztan.eus/wp-content/uploads/2025/10/A25-ekintzekin-DEF-212x300.jpeg 212w, https://www.baztan.eus/wp-content/uploads/2025/10/A25-ekintzekin-DEF-768x1086.jpeg 768w, https://www.baztan.eus/wp-content/uploads/2025/10/A25-ekintzekin-DEF-1086x1536.jpeg 1086w, https://www.baztan.eus/wp-content/uploads/2025/10/A25-ekintzekin-DEF-81x115.jpeg 81w, https://www.baztan.eus/wp-content/uploads/2025/10/A25-ekintzekin-DEF.jpeg 1131w" sizes="auto, (max-width: 724px) 100vw, 724px" /></a></p>

El Servicio de Igualdad del Ayuntamiento de Baztan organiza una interesante conferencia bajo el título “No pagar la pensión alimenticia, violencia económica contra las mujeres”, que se celebrará el jueves 27 de noviembre a las 17:30 horas en el tercer piso de Arizkunenea. No será necesaria inscripción.
