{"id":26351,"date":"2026-02-09T11:57:44","date_gmt":"2026-02-09T11:57:44","guid":{"rendered":"https:\/\/www.baztan.eus\/?post_type=eventos&#038;p=26351"},"modified":"2026-02-26T10:39:24","modified_gmt":"2026-02-26T10:39:24","slug":"filipa-balnina-antzerkia","status":"publish","type":"eventos","link":"https:\/\/www.baztan.eus\/es\/eventos\/filipa-balnina-antzerkia\/","title":{"rendered":"\u201cFilipa Balnina\u201d teatro para personas j\u00f3venes y adultas"},"content":{"rendered":"<h2><strong>Mujeres payasas y circo en la historia. Un espect\u00e1culo de clown en directo que se suma a la proyecci\u00f3n documental.<\/strong><\/h2>\n<p><a href=\"https:\/\/www.baztan.eus\/wp-content\/uploads\/2026\/02\/M8-Filipa-Balbina-ikuskizuna_13.03.2026-1.jpg\" target=\"_blank\" rel=\"noopener\"><img loading=\"lazy\" decoding=\"async\" class=\"alignleft wp-image-26535 size-medium\" src=\"https:\/\/www.baztan.eus\/wp-content\/uploads\/2026\/02\/M8-Filipa-Balbina-ikuskizuna_13.03.2026-1-240x300.jpg\" alt=\"\" width=\"240\" height=\"300\" srcset=\"https:\/\/www.baztan.eus\/wp-content\/uploads\/2026\/02\/M8-Filipa-Balbina-ikuskizuna_13.03.2026-1-240x300.jpg 240w, https:\/\/www.baztan.eus\/wp-content\/uploads\/2026\/02\/M8-Filipa-Balbina-ikuskizuna_13.03.2026-1-819x1024.jpg 819w, https:\/\/www.baztan.eus\/wp-content\/uploads\/2026\/02\/M8-Filipa-Balbina-ikuskizuna_13.03.2026-1-768x960.jpg 768w, https:\/\/www.baztan.eus\/wp-content\/uploads\/2026\/02\/M8-Filipa-Balbina-ikuskizuna_13.03.2026-1-92x115.jpg 92w, https:\/\/www.baztan.eus\/wp-content\/uploads\/2026\/02\/M8-Filipa-Balbina-ikuskizuna_13.03.2026-1.jpg 1080w\" sizes=\"auto, (max-width: 240px) 100vw, 240px\" \/><\/a>El <strong>viernes 13 de marzo, a las 19:00 horas<\/strong>, el <strong>Irurita<\/strong> acoger\u00e1 el espect\u00e1culo <strong>\u201cFilipa Balbina\u201d<\/strong>, una propuesta de teatro clown dirigida a p\u00fablico joven y adulto, organizada por los <strong>Servicios de Cultura e Igualdad del Ayuntamiento de Baztan<\/strong> dentro de la programaci\u00f3n del 8 de marzo.<\/p>\n<p>\u201cFilipa Balbina\u201d es un espect\u00e1culo de clown en directo que combina humor, teatro f\u00edsico y proyecci\u00f3n documental para rescatar la historia de las <strong>mujeres payasas y artistas de circo<\/strong>, tradicionalmente invisibilizadas en la narrativa cultural. A trav\u00e9s del personaje de Filipa, la obra cuestiona por qu\u00e9 los referentes del clown han sido mayoritariamente masculinos y pone en valor la presencia, el talento y la aportaci\u00f3n de las mujeres en las artes esc\u00e9nicas a lo largo de la historia. El Ayuntamiento apuesta con esta actividad por ampliar referentes culturales, fomentar una mirada cr\u00edtica y promover una cultura m\u00e1s igualitaria y diversa.<\/p>\n<p>La funci\u00f3n est\u00e1 dirigida al <strong>p\u00fablico joven y adulto<\/strong>, y se invita a la ciudadan\u00eda a disfrutar de una propuesta art\u00edstica que combina entretenimiento y reflexi\u00f3n, contribuyendo a visibilizar la lucha feminista tambi\u00e9n en el \u00e1mbito cultural y creativo.<\/p>\n<ul>\n<li>Lugar<em>: <\/em>Irurita<\/li>\n<li>Hora: 19:00 h<\/li>\n<li>Organizadora<em>: <\/em>Servicios de Cultura e Igualdad del Ayuntamiento de Baztan<\/li>\n<\/ul>\n","protected":false},"featured_media":26372,"template":"","meta":{"_edit_lock":["1772625052:3"],"_wpml_word_count":["{\"total\":61,\"to_translate\":{\"es\":61}}"],"event_ext":["Cuando hablamos de payasos referentes, nos llegan im\u00e1genes de clowns de hombres, tanto en el Circo como en el Cine. Charli Chapl\u00edn, Charli Rivel... Pero... \u00bfD\u00f3nde estaban las Mujeres Payasas? De hecho, hay... Conoceremos a las Mujeres Payasas que existieron en la historia y miraremos al futuro con una visi\u00f3n m\u00e1s abierta."],"event_location":[""],"imagenslia":[""],"event_horario":["19:00"],"event_horario_inicio":[""],"event_horario_fin":[""],"fechas":[""],"importe":[""],"inscripcion":[""],"botonve":[""],"botonveu":[""],"ponente":[""],"autor_o":[""],"nota":[""],"boton1":[""],"boton1u":[""],"barra":[""],"mostrar_barra":["1"],"dias":[";13-3-2026;"],"event_date":["1773360000"],"event_date1":["1773360000"],"_edit_last":["3"],"_exactmetrics_sitenote_active":["0"],"_thumbnail_id":["26372"]},"class_list":["post-26351","eventos","type-eventos","status-publish","has-post-thumbnail","hentry","categoriaeventos-antzerkia-es","categoriaeventos-artea-es","categoriaeventos-berdintasuna","categoriaeventos-euskara-es"],"_links":{"self":[{"href":"https:\/\/www.baztan.eus\/es\/wp-json\/wp\/v2\/eventos\/26351","targetHints":{"allow":["GET"]}}],"collection":[{"href":"https:\/\/www.baztan.eus\/es\/wp-json\/wp\/v2\/eventos"}],"about":[{"href":"https:\/\/www.baztan.eus\/es\/wp-json\/wp\/v2\/types\/eventos"}],"wp:featuredmedia":[{"embeddable":true,"href":"https:\/\/www.baztan.eus\/es\/wp-json\/wp\/v2\/media\/26372"}],"wp:attachment":[{"href":"https:\/\/www.baztan.eus\/es\/wp-json\/wp\/v2\/media?parent=26351"}],"curies":[{"name":"wp","href":"https:\/\/api.w.org\/{rel}","templated":true}]}}

“Filipa Balnina” teatro para personas jóvenes y adultas

<h2><strong>Mujeres payasas y circo en la historia. Un espectáculo de clown en directo que se suma a la proyección documental.</strong></h2>
<p><a href="https://www.baztan.eus/wp-content/uploads/2026/02/M8-Filipa-Balbina-ikuskizuna_13.03.2026-1.jpg" target="_blank" rel="noopener"><img loading="lazy" decoding="async" class="alignleft wp-image-26535 size-medium" src="https://www.baztan.eus/wp-content/uploads/2026/02/M8-Filipa-Balbina-ikuskizuna_13.03.2026-1-240x300.jpg" alt="" width="240" height="300" srcset="https://www.baztan.eus/wp-content/uploads/2026/02/M8-Filipa-Balbina-ikuskizuna_13.03.2026-1-240x300.jpg 240w, https://www.baztan.eus/wp-content/uploads/2026/02/M8-Filipa-Balbina-ikuskizuna_13.03.2026-1-819x1024.jpg 819w, https://www.baztan.eus/wp-content/uploads/2026/02/M8-Filipa-Balbina-ikuskizuna_13.03.2026-1-768x960.jpg 768w, https://www.baztan.eus/wp-content/uploads/2026/02/M8-Filipa-Balbina-ikuskizuna_13.03.2026-1-92x115.jpg 92w, https://www.baztan.eus/wp-content/uploads/2026/02/M8-Filipa-Balbina-ikuskizuna_13.03.2026-1.jpg 1080w" sizes="auto, (max-width: 240px) 100vw, 240px" /></a>El <strong>viernes 13 de marzo, a las 19:00 horas</strong>, el <strong>Irurita</strong> acogerá el espectáculo <strong>“Filipa Balbina”</strong>, una propuesta de teatro clown dirigida a público joven y adulto, organizada por los <strong>Servicios de Cultura e Igualdad del Ayuntamiento de Baztan</strong> dentro de la programación del 8 de marzo.</p>
<p>“Filipa Balbina” es un espectáculo de clown en directo que combina humor, teatro físico y proyección documental para rescatar la historia de las <strong>mujeres payasas y artistas de circo</strong>, tradicionalmente invisibilizadas en la narrativa cultural. A través del personaje de Filipa, la obra cuestiona por qué los referentes del clown han sido mayoritariamente masculinos y pone en valor la presencia, el talento y la aportación de las mujeres en las artes escénicas a lo largo de la historia. El Ayuntamiento apuesta con esta actividad por ampliar referentes culturales, fomentar una mirada crítica y promover una cultura más igualitaria y diversa.</p>
<p>La función está dirigida al <strong>público joven y adulto</strong>, y se invita a la ciudadanía a disfrutar de una propuesta artística que combina entretenimiento y reflexión, contribuyendo a visibilizar la lucha feminista también en el ámbito cultural y creativo.</p>
<ul>
<li>Lugar<em>: </em>Irurita</li>
<li>Hora: 19:00 h</li>
<li>Organizadora<em>: </em>Servicios de Cultura e Igualdad del Ayuntamiento de Baztan</li>
</ul>

Cuando hablamos de payasos referentes, nos llegan imágenes de clowns de hombres, tanto en el Circo como en el Cine. Charli Chaplín, Charli Rivel... Pero... ¿Dónde estaban las Mujeres Payasas? De hecho, hay... Conoceremos a las Mujeres Payasas que existieron en la historia y miraremos al futuro con una visión más abierta.
