{"id":26354,"date":"2026-02-09T12:03:54","date_gmt":"2026-02-09T12:03:54","guid":{"rendered":"https:\/\/www.baztan.eus\/?post_type=eventos&#038;p=26354"},"modified":"2026-02-26T10:43:27","modified_gmt":"2026-02-26T10:43:27","slug":"risa-y-comicidad-taller","status":"publish","type":"eventos","link":"https:\/\/www.baztan.eus\/es\/eventos\/risa-y-comicidad-taller\/","title":{"rendered":"RISA Y COMICIDAD &#8211; Taller para mujeres"},"content":{"rendered":"<p style=\"text-align: center;\"><strong>El Ayuntamiento de Baztan organiza el taller \u201cRisa y comicidad\u201d para fomentar la expresi\u00f3n, la confianza y el empoderamiento<\/strong><\/p>\n<p><a href=\"https:\/\/www.baztan.eus\/wp-content\/uploads\/2026\/02\/M8-Barrea-eta-komikotasuna_18-25.03.2026-1.jpg\" target=\"_blank\" rel=\"noopener\"><img loading=\"lazy\" decoding=\"async\" class=\"alignleft wp-image-26538 size-medium\" src=\"https:\/\/www.baztan.eus\/wp-content\/uploads\/2026\/02\/M8-Barrea-eta-komikotasuna_18-25.03.2026-1-240x300.jpg\" alt=\"\" width=\"240\" height=\"300\" srcset=\"https:\/\/www.baztan.eus\/wp-content\/uploads\/2026\/02\/M8-Barrea-eta-komikotasuna_18-25.03.2026-1-240x300.jpg 240w, https:\/\/www.baztan.eus\/wp-content\/uploads\/2026\/02\/M8-Barrea-eta-komikotasuna_18-25.03.2026-1-819x1024.jpg 819w, https:\/\/www.baztan.eus\/wp-content\/uploads\/2026\/02\/M8-Barrea-eta-komikotasuna_18-25.03.2026-1-768x960.jpg 768w, https:\/\/www.baztan.eus\/wp-content\/uploads\/2026\/02\/M8-Barrea-eta-komikotasuna_18-25.03.2026-1-92x115.jpg 92w, https:\/\/www.baztan.eus\/wp-content\/uploads\/2026\/02\/M8-Barrea-eta-komikotasuna_18-25.03.2026-1.jpg 1080w\" sizes=\"auto, (max-width: 240px) 100vw, 240px\" \/><\/a>Los <strong>mi\u00e9rcoles 18 y 25 de marzo<\/strong>, en horario de <strong>17:30 a 19:30 horas<\/strong>, se celebrar\u00e1 en <strong>Arizkunenea<\/strong> el taller <strong>\u201cRisa y comicidad\u201d<\/strong>, organizado por los <strong>Servicios de Cultura e Igualdad del Ayuntamiento de Baztan<\/strong>. El taller ser\u00e1 impartido por <strong>Bea Larra\u00f1aga<\/strong>, artista especializada en clown y comedia f\u00edsica.<\/p>\n<p>A trav\u00e9s de din\u00e1micas l\u00fadicas, corporales, de relajaci\u00f3n y trabajo con la voz, el taller propone un espacio seguro y de confianza para explorar el humor, la creatividad y la expresi\u00f3n personal. Desde una perspectiva de g\u00e9nero, la actividad busca reforzar la autoestima, romper miedos esc\u00e9nicos y sociales \u2014como el miedo al rid\u00edculo\u2014 y favorecer la expresi\u00f3n libre, especialmente en aquellas personas a las que hist\u00f3ricamente se les ha limitado el uso del humor y la visibilidad p\u00fablica. El Ayuntamiento de Baztan impulsa este taller como una herramienta de empoderamiento individual y colectivo, coherente con los objetivos del 8M de promover la igualdad y el derecho a ocupar espacios con voz propia.<\/p>\n<p>Est\u00e1 dirigido a personas interesadas en el desarrollo personal, la expresi\u00f3n art\u00edstica y el humor, y no requiere experiencia previa. El taller requiere <strong>inscripci\u00f3n previa<\/strong>, que puede realizarse llamando al 667 80 78 10 o escribiendo a <a href=\"mailto:kultura@baztan.eus\">kultura@baztan.eus<\/a>.<\/p>\n<ul>\n<li><em>Lugar:<\/em> Arizkunenea<\/li>\n<li><em>Hora<\/em><em>:<\/em> 17:30 &#8211; 19:30 h<\/li>\n<li><em>Organizadora<\/em><em>: <\/em>Servicios de Cultura e Igualdad del Ayuntamiento de Baztan<\/li>\n<li><em>Formadora<\/em>: Bea Larra\u00f1aga.<\/li>\n<\/ul>\n<p><strong>Inscripci\u00f3n necesaria<\/strong>: 667 80 78 10; <a href=\"mailto:kultura@baztan.eus\">kultura@baztan.eus<\/a><\/p>\n","protected":false},"featured_media":26372,"template":"","meta":{"_wpml_word_count":["{\"total\":92,\"to_translate\":{\"es\":92}}"],"event_ext":["Te ayudar\u00e1 a conocer tu lado m\u00e1s divertido y entusiasta, a superar el miedo al rid\u00edculo, al miedo esc\u00e9nico y a fomentar tu sentido del humor."],"event_location":[""],"imagenslia":[""],"event_horario":["17:30 - 19:30 "],"event_horario_inicio":[""],"event_horario_fin":[""],"fechas":[""],"importe":[""],"inscripcion":[""],"botonve":[""],"botonveu":[""],"ponente":[""],"autor_o":[""],"nota":[""],"boton1":[""],"boton1u":[""],"barra":[""],"mostrar_barra":["1"],"dias":[";18-3-2026;25-3-2026;"],"event_date":["1773792000"],"event_date1":["1774396800"],"_edit_lock":["1772102469:3"],"_edit_last":["3"],"_exactmetrics_sitenote_active":["0"],"_thumbnail_id":["26372"]},"class_list":["post-26354","eventos","type-eventos","status-publish","has-post-thumbnail","hentry","categoriaeventos-antzerkia-es","categoriaeventos-artea-es","categoriaeventos-berdintasuna","categoriaeventos-cursillos","categoriaeventos-danza","categoriaeventos-euskara-es"],"_links":{"self":[{"href":"https:\/\/www.baztan.eus\/es\/wp-json\/wp\/v2\/eventos\/26354","targetHints":{"allow":["GET"]}}],"collection":[{"href":"https:\/\/www.baztan.eus\/es\/wp-json\/wp\/v2\/eventos"}],"about":[{"href":"https:\/\/www.baztan.eus\/es\/wp-json\/wp\/v2\/types\/eventos"}],"wp:featuredmedia":[{"embeddable":true,"href":"https:\/\/www.baztan.eus\/es\/wp-json\/wp\/v2\/media\/26372"}],"wp:attachment":[{"href":"https:\/\/www.baztan.eus\/es\/wp-json\/wp\/v2\/media?parent=26354"}],"curies":[{"name":"wp","href":"https:\/\/api.w.org\/{rel}","templated":true}]}}

<p style="text-align: center;"><strong>El Ayuntamiento de Baztan organiza el taller “Risa y comicidad” para fomentar la expresión, la confianza y el empoderamiento</strong></p>
<p><a href="https://www.baztan.eus/wp-content/uploads/2026/02/M8-Barrea-eta-komikotasuna_18-25.03.2026-1.jpg" target="_blank" rel="noopener"><img loading="lazy" decoding="async" class="alignleft wp-image-26538 size-medium" src="https://www.baztan.eus/wp-content/uploads/2026/02/M8-Barrea-eta-komikotasuna_18-25.03.2026-1-240x300.jpg" alt="" width="240" height="300" srcset="https://www.baztan.eus/wp-content/uploads/2026/02/M8-Barrea-eta-komikotasuna_18-25.03.2026-1-240x300.jpg 240w, https://www.baztan.eus/wp-content/uploads/2026/02/M8-Barrea-eta-komikotasuna_18-25.03.2026-1-819x1024.jpg 819w, https://www.baztan.eus/wp-content/uploads/2026/02/M8-Barrea-eta-komikotasuna_18-25.03.2026-1-768x960.jpg 768w, https://www.baztan.eus/wp-content/uploads/2026/02/M8-Barrea-eta-komikotasuna_18-25.03.2026-1-92x115.jpg 92w, https://www.baztan.eus/wp-content/uploads/2026/02/M8-Barrea-eta-komikotasuna_18-25.03.2026-1.jpg 1080w" sizes="auto, (max-width: 240px) 100vw, 240px" /></a>Los <strong>miércoles 18 y 25 de marzo</strong>, en horario de <strong>17:30 a 19:30 horas</strong>, se celebrará en <strong>Arizkunenea</strong> el taller <strong>“Risa y comicidad”</strong>, organizado por los <strong>Servicios de Cultura e Igualdad del Ayuntamiento de Baztan</strong>. El taller será impartido por <strong>Bea Larrañaga</strong>, artista especializada en clown y comedia física.</p>
<p>A través de dinámicas lúdicas, corporales, de relajación y trabajo con la voz, el taller propone un espacio seguro y de confianza para explorar el humor, la creatividad y la expresión personal. Desde una perspectiva de género, la actividad busca reforzar la autoestima, romper miedos escénicos y sociales —como el miedo al ridículo— y favorecer la expresión libre, especialmente en aquellas personas a las que históricamente se les ha limitado el uso del humor y la visibilidad pública. El Ayuntamiento de Baztan impulsa este taller como una herramienta de empoderamiento individual y colectivo, coherente con los objetivos del 8M de promover la igualdad y el derecho a ocupar espacios con voz propia.</p>
<p>Está dirigido a personas interesadas en el desarrollo personal, la expresión artística y el humor, y no requiere experiencia previa. El taller requiere <strong>inscripción previa</strong>, que puede realizarse llamando al 667 80 78 10 o escribiendo a <a href="mailto:kultura@baztan.eus">kultura@baztan.eus</a>.</p>
<ul>
<li><em>Lugar:</em> Arizkunenea</li>
<li><em>Hora</em><em>:</em> 17:30 &#8211; 19:30 h</li>
<li><em>Organizadora</em><em>: </em>Servicios de Cultura e Igualdad del Ayuntamiento de Baztan</li>
<li><em>Formadora</em>: Bea Larrañaga.</li>
</ul>
<p><strong>Inscripción necesaria</strong>: 667 80 78 10; <a href="mailto:kultura@baztan.eus">kultura@baztan.eus</a></p>

Te ayudará a conocer tu lado más divertido y entusiasta, a superar el miedo al ridículo, al miedo escénico y a fomentar tu sentido del humor.
