{"id":26825,"date":"2026-04-22T12:58:54","date_gmt":"2026-04-22T12:58:54","guid":{"rendered":"https:\/\/www.baztan.eus\/?post_type=eventos&#038;p=26825"},"modified":"2026-04-22T12:58:54","modified_gmt":"2026-04-22T12:58:54","slug":"exposicion-de-fotografias-antiguas-piedra-y-luz","status":"publish","type":"eventos","link":"https:\/\/www.baztan.eus\/es\/eventos\/exposicion-de-fotografias-antiguas-piedra-y-luz\/","title":{"rendered":"Exposici\u00f3n de fotograf\u00edas antiguas PIEDRA Y LUZ"},"content":{"rendered":"<p>Im\u00e1genes obtenidas en 1916 por Leoncio Urabayen, que forman parte del archivo de la UPNA Fondo hist\u00f3rico y Colecciones especiales -, y comparadas con fotografias actuales obtenidas desde el mismo punto de vista<br \/>\nPrecisamente en esto se basa la refotograf\u00eda, una disciplina fotogr\u00e1fica que compara dos o m\u00e1s im\u00e1genes tomadas con un mismo punto de vista pero en diferentes momentos, habitualmente con un largo periodo de tiempo entre ellas.<\/p>\n","protected":false},"featured_media":26824,"template":"","meta":{"_wpml_word_count":["{\"total\":0,\"to_translate\":{\"eu\":2,\"es\":2}}"],"_edit_lock":["1776862599:9"],"_edit_last":["9"],"barra":[""],"dias":[";04-5-2026;29-5-2026;"],"event_date":["1777852800"],"event_date1":["1780012800"],"event_horario_fin":["20:00"],"event_horario_inicio":["16:30"],"imagenslia":[""],"autor_o":[""],"boton1":[""],"boton1u":[""],"event_ext":[""],"event_horario":["16:30"],"event_location":["15956"],"fechas":[""],"importe":[""],"inscripcion":[""],"nota":[""],"ponente":[""],"_thumbnail_id":["26824"],"_exactmetrics_sitenote_active":["0"],"botonve":[""],"botonveu":[""],"mostrar_barra":["1"]},"class_list":["post-26825","eventos","type-eventos","status-publish","has-post-thumbnail","hentry","categoriaeventos-erakusketa-es"],"_links":{"self":[{"href":"https:\/\/www.baztan.eus\/es\/wp-json\/wp\/v2\/eventos\/26825","targetHints":{"allow":["GET"]}}],"collection":[{"href":"https:\/\/www.baztan.eus\/es\/wp-json\/wp\/v2\/eventos"}],"about":[{"href":"https:\/\/www.baztan.eus\/es\/wp-json\/wp\/v2\/types\/eventos"}],"wp:featuredmedia":[{"embeddable":true,"href":"https:\/\/www.baztan.eus\/es\/wp-json\/wp\/v2\/media\/26824"}],"wp:attachment":[{"href":"https:\/\/www.baztan.eus\/es\/wp-json\/wp\/v2\/media?parent=26825"}],"curies":[{"name":"wp","href":"https:\/\/api.w.org\/{rel}","templated":true}]}}

Exposición de fotografías antiguas PIEDRA Y LUZ

<p>Imágenes obtenidas en 1916 por Leoncio Urabayen, que forman parte del archivo de la UPNA Fondo histórico y Colecciones especiales -, y comparadas con fotografias actuales obtenidas desde el mismo punto de vista<br />
Precisamente en esto se basa la refotografía, una disciplina fotográfica que compara dos o más imágenes tomadas con un mismo punto de vista pero en diferentes momentos, habitualmente con un largo periodo de tiempo entre ellas.</p>
