{"id":13238,"date":"2013-04-17T13:42:44","date_gmt":"2013-04-17T11:42:44","guid":{"rendered":"http:\/\/w2.baztan.eus\/corporacion\/"},"modified":"2025-10-28T11:21:57","modified_gmt":"2025-10-28T11:21:57","slug":"corporacion","status":"publish","type":"page","link":"https:\/\/www.baztan.eus\/es\/ayuntamiento\/organizacion-municipal\/corporacion\/","title":{"rendered":"Corporaci\u00f3n"},"content":{"rendered":"<p>&nbsp;<\/p>\n<hr \/>\n<h4 style=\"text-align: center;\">CORPORACI\u00d3N<\/h4>\n<hr \/>\n<p>&nbsp;<\/p>\n<table class=\"table\" style=\"width: 719px; height: 336px;\" border=\"1\" summary=\"Descripci\u00f3n del nombre, localidad y partido pol\u00edtico de los componentes de la Corporaci\u00f3n Municipal\">\n<tbody>\n<tr style=\"height: 24px;\">\n<th style=\"text-align: center; width: 115px; height: 24px;\"><span style=\"color: #333333;\">Cargo<\/span><\/th>\n<th id=\"40\" style=\"text-align: center; width: 295px; height: 24px;\"><span style=\"color: #333333;\">Nombre\/apellidos<\/span><\/th>\n<th id=\"42\" style=\"text-align: center; width: 309px; height: 24px;\"><span style=\"color: #333333;\">Partido pol\u00edtico <\/span><\/th>\n<\/tr>\n<tr style=\"height: 24px;\">\n<td style=\"text-align: center; width: 115px; height: 24px;\">Alcalde<\/td>\n<td style=\"text-align: center; width: 295px; height: 24px;\" headers=\"40\">Fernando Anbustegi Go\u00f1i<\/td>\n<td style=\"text-align: center; width: 309px; height: 24px;\" headers=\"42\">BILDU<\/td>\n<\/tr>\n<tr style=\"height: 24px;\">\n<td style=\"text-align: center; width: 115px; height: 24px;\">Concejala<\/td>\n<td style=\"text-align: center; width: 295px; height: 24px;\" headers=\"40\">Lorea Lizarreta Insausti<\/td>\n<td style=\"text-align: center; width: 309px; height: 24px;\" headers=\"42\">BILDU<\/td>\n<\/tr>\n<tr style=\"height: 24px;\">\n<td style=\"text-align: center; width: 115px; height: 24px;\">Concejal<\/td>\n<td style=\"text-align: center; width: 295px; height: 24px;\" headers=\"40\">Mariano Iribarren Irigoyen<\/td>\n<td style=\"text-align: center; width: 309px; height: 24px;\" headers=\"42\">BILDU<\/td>\n<\/tr>\n<tr style=\"height: 24px;\">\n<td style=\"text-align: center; width: 115px; height: 24px;\">Concejal<\/td>\n<td style=\"text-align: center; width: 295px; height: 24px;\" headers=\"40\">Alaitz Arretxea Etxeberria<\/td>\n<td style=\"text-align: center; width: 309px; height: 24px;\" headers=\"42\">BILDU<\/td>\n<\/tr>\n<tr style=\"height: 24px;\">\n<td style=\"text-align: center; width: 115px; height: 24px;\">Concejal<\/td>\n<td style=\"text-align: center; width: 295px; height: 24px;\" headers=\"40\">Elisa Almandoz Irigoien<\/td>\n<td style=\"text-align: center; width: 309px; height: 24px;\" headers=\"42\">BILDU<\/td>\n<\/tr>\n<tr style=\"height: 24px;\">\n<td style=\"text-align: center; width: 115px; height: 24px;\">Concejal<\/td>\n<td style=\"text-align: center; width: 295px; height: 24px;\" headers=\"40\">Gorka Urtasun Saldias<\/td>\n<td style=\"text-align: center; width: 309px; height: 24px;\" headers=\"42\">BILDU<\/td>\n<\/tr>\n<tr style=\"height: 24px;\">\n<td style=\"text-align: center; width: 115px; height: 24px;\">Concejal<\/td>\n<td style=\"text-align: center; width: 295px; height: 24px;\" headers=\"40\">Florentino Go\u00f1i Tellechea<\/td>\n<td style=\"text-align: center; width: 309px; height: 24px;\" headers=\"42\">ZUREKIN BAZTAN<\/td>\n<\/tr>\n<tr style=\"height: 24px;\">\n<td style=\"text-align: center; width: 115px; height: 24px;\">Concejal<\/td>\n<td style=\"text-align: center; width: 295px; height: 24px;\" headers=\"40\">I\u00f1igo Iturralde Eliceche<\/td>\n<td style=\"text-align: center; width: 309px; height: 24px;\" headers=\"42\">ZUREKIN BAZTAN<\/td>\n<\/tr>\n<tr style=\"height: 24px;\">\n<td style=\"text-align: center; width: 115px; height: 24px;\">Concejal<\/td>\n<td style=\"text-align: center; width: 295px; height: 24px;\" headers=\"40\">Joseba Moreno Videgain<\/td>\n<td style=\"text-align: center; width: 309px; height: 24px;\" headers=\"42\">ZUREKIN BAZTAN<\/td>\n<\/tr>\n<tr style=\"height: 24px;\">\n<td style=\"text-align: center; width: 115px; height: 24px;\">Concejal<\/td>\n<td style=\"text-align: center; width: 295px; height: 24px;\" headers=\"40\">Pello Sarratea Sanzberro<\/td>\n<td style=\"text-align: center; width: 309px; height: 24px;\" headers=\"42\">BAZTANGO INDEPENDIENTEAK<\/td>\n<\/tr>\n<tr style=\"height: 24px;\">\n<td style=\"text-align: center; width: 115px; height: 24px;\">Concejal<\/td>\n<td style=\"text-align: center; width: 295px; height: 24px;\" headers=\"40\">Andoni Irigoyen Maritorena<\/td>\n<td style=\"text-align: center; width: 309px; height: 24px;\" headers=\"42\">BAZTANGO INDEPENDIENTEAK<\/td>\n<\/tr>\n<tr style=\"height: 24px;\">\n<td style=\"text-align: center; width: 115px; height: 24px;\">Concejal<\/td>\n<td style=\"text-align: center; width: 295px; height: 24px;\" headers=\"40\">Anastasio Nagore Garralda<\/td>\n<td style=\"text-align: center; width: 309px; height: 24px;\" headers=\"42\">UPN<\/td>\n<\/tr>\n<tr style=\"height: 24px;\">\n<td style=\"text-align: center; width: 115px; height: 24px;\">Concejal<\/td>\n<td style=\"text-align: center; width: 295px; height: 24px;\" headers=\"40\">Lander Santamaria Alcocer<\/td>\n<td style=\"text-align: center; width: 309px; height: 24px;\" headers=\"42\">GEROA BAI<\/td>\n<\/tr>\n<\/tbody>\n<\/table>\n<h4><\/h4>\n<p>&nbsp;<\/p>\n<hr \/>\n<h4 style=\"text-align: center;\">JUNTA DE GOBIERNO LOCAL<\/h4>\n<hr \/>\n<p>&nbsp;<\/p>\n<table class=\"table\" style=\"width: 716px;\" border=\"1\" summary=\"Descripci\u00f3n del nombre, cargo y partido pol\u00edtico de los componentes de la Junta de Gobierno Local\">\n<tbody>\n<tr>\n<th id=\"1590\" style=\"text-align: center; width: 217px;\"><span style=\"color: #333333;\">Cargo<\/span><\/th>\n<th id=\"1591\" style=\"text-align: center; width: 306px;\"><span style=\"color: #333333;\">Nombre\/apellidos<\/span><\/th>\n<th id=\"1592\" style=\"text-align: center; width: 193px;\"><span style=\"color: #333333;\">Partido pol\u00edtico<\/span><\/th>\n<\/tr>\n<tr>\n<td style=\"text-align: center; width: 217px;\" headers=\"1590\">Alcalde<\/td>\n<td style=\"text-align: center; width: 306px;\" headers=\"1591\">Fernando Anbustegi Go\u00f1i<\/td>\n<td style=\"text-align: center; width: 193px;\" headers=\"1592\">BILDU<\/td>\n<\/tr>\n<tr>\n<td style=\"text-align: center; width: 217px;\" headers=\"1590\">Primer teniente de alcalde<\/td>\n<td style=\"text-align: center; width: 306px;\" headers=\"1591\">Mariano Iribarren Irigoien<\/td>\n<td style=\"text-align: center; width: 193px;\" headers=\"1592\">BILDU<\/td>\n<\/tr>\n<tr>\n<td style=\"text-align: center; width: 217px;\" headers=\"1590\">Segundo teniente de alcalde<\/td>\n<td style=\"text-align: center; width: 306px;\" headers=\"1591\">I\u00f1igo Iturralde Eliceche<\/td>\n<td style=\"text-align: center; width: 193px;\" headers=\"1592\">ZUREKIN BAZTAN<\/td>\n<\/tr>\n<tr>\n<td style=\"text-align: center; width: 217px;\" headers=\"1590\">Tercer teniente de alcalde<\/td>\n<td style=\"text-align: center; width: 306px;\" headers=\"1591\">Gorka Urtasun Saldias<\/td>\n<td style=\"text-align: center; width: 193px;\" headers=\"1592\">BILDU<\/td>\n<\/tr>\n<tr>\n<td style=\"text-align: center; width: 217px;\" headers=\"1590\">Vocal<\/td>\n<td style=\"text-align: center; width: 306px;\" headers=\"1591\">Florentino Go\u00f1i Tellechea<\/td>\n<td style=\"text-align: center; width: 193px;\" headers=\"1592\">ZUREKIN BAZTAN<\/td>\n<\/tr>\n<\/tbody>\n<\/table>\n<p>&nbsp;<\/p>\n","protected":false},"excerpt":{"rendered":"<p>&nbsp; CORPORACI\u00d3N &nbsp; Cargo Nombre\/apellidos Partido pol\u00edtico Alcalde Fernando Anbustegi Go\u00f1i BILDU Concejala Lorea Lizarreta Insausti BILDU Concejal Mariano Iribarren Irigoyen BILDU Concejal Alaitz Arretxea Etxeberria BILDU Concejal Elisa Almandoz Irigoien BILDU Concejal Gorka Urtasun Saldias BILDU Concejal Florentino Go\u00f1i Tellechea ZUREKIN BAZTAN Concejal I\u00f1igo Iturralde Eliceche ZUREKIN BAZTAN Concejal Joseba Moreno Videgain ZUREKIN BAZTAN [&hellip;]<\/p>\n","protected":false},"author":1,"featured_media":0,"parent":13236,"menu_order":3,"comment_status":"closed","ping_status":"closed","template":"","meta":{"_exactmetrics_skip_tracking":false,"_exactmetrics_sitenote_active":false,"_exactmetrics_sitenote_note":"","_exactmetrics_sitenote_category":0,"footnotes":""},"class_list":["post-13238","page","type-page","status-publish","hentry"],"_links":{"self":[{"href":"https:\/\/www.baztan.eus\/es\/wp-json\/wp\/v2\/pages\/13238","targetHints":{"allow":["GET"]}}],"collection":[{"href":"https:\/\/www.baztan.eus\/es\/wp-json\/wp\/v2\/pages"}],"about":[{"href":"https:\/\/www.baztan.eus\/es\/wp-json\/wp\/v2\/types\/page"}],"author":[{"embeddable":true,"href":"https:\/\/www.baztan.eus\/es\/wp-json\/wp\/v2\/users\/1"}],"replies":[{"embeddable":true,"href":"https:\/\/www.baztan.eus\/es\/wp-json\/wp\/v2\/comments?post=13238"}],"version-history":[{"count":12,"href":"https:\/\/www.baztan.eus\/es\/wp-json\/wp\/v2\/pages\/13238\/revisions"}],"predecessor-version":[{"id":25902,"href":"https:\/\/www.baztan.eus\/es\/wp-json\/wp\/v2\/pages\/13238\/revisions\/25902"}],"up":[{"embeddable":true,"href":"https:\/\/www.baztan.eus\/es\/wp-json\/wp\/v2\/pages\/13236"}],"wp:attachment":[{"href":"https:\/\/www.baztan.eus\/es\/wp-json\/wp\/v2\/media?parent=13238"}],"curies":[{"name":"wp","href":"https:\/\/api.w.org\/{rel}","templated":true}]}}

Corporación

<p>&nbsp;</p>
<hr />
<h4 style="text-align: center;">CORPORACIÓN</h4>
<hr />
<p>&nbsp;</p>
<table class="table" style="width: 719px; height: 336px;" border="1" summary="Descripción del nombre, localidad y partido político de los componentes de la Corporación Municipal">
<tbody>
<tr style="height: 24px;">
<th style="text-align: center; width: 115px; height: 24px;"><span style="color: #333333;">Cargo</span></th>
<th id="40" style="text-align: center; width: 295px; height: 24px;"><span style="color: #333333;">Nombre/apellidos</span></th>
<th id="42" style="text-align: center; width: 309px; height: 24px;"><span style="color: #333333;">Partido político </span></th>
</tr>
<tr style="height: 24px;">
<td style="text-align: center; width: 115px; height: 24px;">Alcalde</td>
<td style="text-align: center; width: 295px; height: 24px;" headers="40">Fernando Anbustegi Goñi</td>
<td style="text-align: center; width: 309px; height: 24px;" headers="42">BILDU</td>
</tr>
<tr style="height: 24px;">
<td style="text-align: center; width: 115px; height: 24px;">Concejala</td>
<td style="text-align: center; width: 295px; height: 24px;" headers="40">Lorea Lizarreta Insausti</td>
<td style="text-align: center; width: 309px; height: 24px;" headers="42">BILDU</td>
</tr>
<tr style="height: 24px;">
<td style="text-align: center; width: 115px; height: 24px;">Concejal</td>
<td style="text-align: center; width: 295px; height: 24px;" headers="40">Mariano Iribarren Irigoyen</td>
<td style="text-align: center; width: 309px; height: 24px;" headers="42">BILDU</td>
</tr>
<tr style="height: 24px;">
<td style="text-align: center; width: 115px; height: 24px;">Concejal</td>
<td style="text-align: center; width: 295px; height: 24px;" headers="40">Alaitz Arretxea Etxeberria</td>
<td style="text-align: center; width: 309px; height: 24px;" headers="42">BILDU</td>
</tr>
<tr style="height: 24px;">
<td style="text-align: center; width: 115px; height: 24px;">Concejal</td>
<td style="text-align: center; width: 295px; height: 24px;" headers="40">Elisa Almandoz Irigoien</td>
<td style="text-align: center; width: 309px; height: 24px;" headers="42">BILDU</td>
</tr>
<tr style="height: 24px;">
<td style="text-align: center; width: 115px; height: 24px;">Concejal</td>
<td style="text-align: center; width: 295px; height: 24px;" headers="40">Gorka Urtasun Saldias</td>
<td style="text-align: center; width: 309px; height: 24px;" headers="42">BILDU</td>
</tr>
<tr style="height: 24px;">
<td style="text-align: center; width: 115px; height: 24px;">Concejal</td>
<td style="text-align: center; width: 295px; height: 24px;" headers="40">Florentino Goñi Tellechea</td>
<td style="text-align: center; width: 309px; height: 24px;" headers="42">ZUREKIN BAZTAN</td>
</tr>
<tr style="height: 24px;">
<td style="text-align: center; width: 115px; height: 24px;">Concejal</td>
<td style="text-align: center; width: 295px; height: 24px;" headers="40">Iñigo Iturralde Eliceche</td>
<td style="text-align: center; width: 309px; height: 24px;" headers="42">ZUREKIN BAZTAN</td>
</tr>
<tr style="height: 24px;">
<td style="text-align: center; width: 115px; height: 24px;">Concejal</td>
<td style="text-align: center; width: 295px; height: 24px;" headers="40">Joseba Moreno Videgain</td>
<td style="text-align: center; width: 309px; height: 24px;" headers="42">ZUREKIN BAZTAN</td>
</tr>
<tr style="height: 24px;">
<td style="text-align: center; width: 115px; height: 24px;">Concejal</td>
<td style="text-align: center; width: 295px; height: 24px;" headers="40">Pello Sarratea Sanzberro</td>
<td style="text-align: center; width: 309px; height: 24px;" headers="42">BAZTANGO INDEPENDIENTEAK</td>
</tr>
<tr style="height: 24px;">
<td style="text-align: center; width: 115px; height: 24px;">Concejal</td>
<td style="text-align: center; width: 295px; height: 24px;" headers="40">Andoni Irigoyen Maritorena</td>
<td style="text-align: center; width: 309px; height: 24px;" headers="42">BAZTANGO INDEPENDIENTEAK</td>
</tr>
<tr style="height: 24px;">
<td style="text-align: center; width: 115px; height: 24px;">Concejal</td>
<td style="text-align: center; width: 295px; height: 24px;" headers="40">Anastasio Nagore Garralda</td>
<td style="text-align: center; width: 309px; height: 24px;" headers="42">UPN</td>
</tr>
<tr style="height: 24px;">
<td style="text-align: center; width: 115px; height: 24px;">Concejal</td>
<td style="text-align: center; width: 295px; height: 24px;" headers="40">Lander Santamaria Alcocer</td>
<td style="text-align: center; width: 309px; height: 24px;" headers="42">GEROA BAI</td>
</tr>
</tbody>
</table>
<h4></h4>
<p>&nbsp;</p>
<hr />
<h4 style="text-align: center;">JUNTA DE GOBIERNO LOCAL</h4>
<hr />
<p>&nbsp;</p>
<table class="table" style="width: 716px;" border="1" summary="Descripción del nombre, cargo y partido político de los componentes de la Junta de Gobierno Local">
<tbody>
<tr>
<th id="1590" style="text-align: center; width: 217px;"><span style="color: #333333;">Cargo</span></th>
<th id="1591" style="text-align: center; width: 306px;"><span style="color: #333333;">Nombre/apellidos</span></th>
<th id="1592" style="text-align: center; width: 193px;"><span style="color: #333333;">Partido político</span></th>
</tr>
<tr>
<td style="text-align: center; width: 217px;" headers="1590">Alcalde</td>
<td style="text-align: center; width: 306px;" headers="1591">Fernando Anbustegi Goñi</td>
<td style="text-align: center; width: 193px;" headers="1592">BILDU</td>
</tr>
<tr>
<td style="text-align: center; width: 217px;" headers="1590">Primer teniente de alcalde</td>
<td style="text-align: center; width: 306px;" headers="1591">Mariano Iribarren Irigoien</td>
<td style="text-align: center; width: 193px;" headers="1592">BILDU</td>
</tr>
<tr>
<td style="text-align: center; width: 217px;" headers="1590">Segundo teniente de alcalde</td>
<td style="text-align: center; width: 306px;" headers="1591">Iñigo Iturralde Eliceche</td>
<td style="text-align: center; width: 193px;" headers="1592">ZUREKIN BAZTAN</td>
</tr>
<tr>
<td style="text-align: center; width: 217px;" headers="1590">Tercer teniente de alcalde</td>
<td style="text-align: center; width: 306px;" headers="1591">Gorka Urtasun Saldias</td>
<td style="text-align: center; width: 193px;" headers="1592">BILDU</td>
</tr>
<tr>
<td style="text-align: center; width: 217px;" headers="1590">Vocal</td>
<td style="text-align: center; width: 306px;" headers="1591">Florentino Goñi Tellechea</td>
<td style="text-align: center; width: 193px;" headers="1592">ZUREKIN BAZTAN</td>
</tr>
</tbody>
</table>
<p>&nbsp;</p>

<p>&nbsp; CORPORACIÓN &nbsp; Cargo Nombre/apellidos Partido político Alcalde Fernando Anbustegi Goñi BILDU Concejala Lorea Lizarreta Insausti BILDU Concejal Mariano Iribarren Irigoyen BILDU Concejal Alaitz Arretxea Etxeberria BILDU Concejal Elisa Almandoz Irigoien BILDU Concejal Gorka Urtasun Saldias BILDU Concejal Florentino Goñi Tellechea ZUREKIN BAZTAN Concejal Iñigo Iturralde Eliceche ZUREKIN BAZTAN Concejal Joseba Moreno Videgain ZUREKIN BAZTAN [&hellip;]</p>
