{"id":13584,"date":"2017-08-03T11:57:51","date_gmt":"2017-08-03T09:57:51","guid":{"rendered":"http:\/\/w2.baztan.eus\/concurso-de-fotografia-raza-vacuna-pirenaica\/"},"modified":"2017-08-03T11:57:51","modified_gmt":"2017-08-03T09:57:51","slug":"concurso-de-fotografia-raza-vacuna-pirenaica","status":"publish","type":"page","link":"https:\/\/www.baztan.eus\/es\/13352-2\/concurso-de-fotografia-raza-vacuna-pirenaica\/","title":{"rendered":"CONCURSO DE FOTOGRAFIA \u201cRAZA VACUNA PIRENAICA\u201d"},"content":{"rendered":"<p>Resultados I Concurso de Fotograf\u00eda \u201cRAZA VACUNA PIRENAICA\u201d<\/p>\n<p>Primer premio (400 \u20ac): NEREA BEGINO MENDIBURU. Igantzi (Nafarroa). T\u00edtulo de la fotograf\u00eda: BIRRAMONA<\/p>\n<p><a href=\"http:\/\/www.baztan.eus\/wp-content\/uploads\/2017\/08\/Birramona.jpg\"><img loading=\"lazy\" decoding=\"async\" class=\"alignnone size-medium wp-image-7868\" src=\"http:\/\/www.baztan.eus\/wp-content\/uploads\/2017\/08\/Birramona-200x300.jpg\" alt=\"Birramona\" width=\"200\" height=\"300\" srcset=\"https:\/\/www.baztan.eus\/wp-content\/uploads\/2017\/08\/Birramona-200x300.jpg 200w, https:\/\/www.baztan.eus\/wp-content\/uploads\/2017\/08\/Birramona-682x1024.jpg 682w\" sizes=\"auto, (max-width: 200px) 100vw, 200px\" \/><\/a><br \/>\nSegundo premio (200\u20ac): I\u00d1AKI URIARTE BASAGUREN. Abadi\u00f1o (Bizkaia). T\u00edtulo de la fotograf\u00eda: URKIOLAKO PIRINAIKA TALDEA<\/p>\n<p><a href=\"http:\/\/www.baztan.eus\/wp-content\/uploads\/2017\/08\/Urkiolako-Pirinaika-Taldea.jpg\"><img loading=\"lazy\" decoding=\"async\" class=\"alignnone size-medium wp-image-7869\" src=\"http:\/\/www.baztan.eus\/wp-content\/uploads\/2017\/08\/Urkiolako-Pirinaika-Taldea-200x300.jpg\" alt=\"Urkiolako Pirinaika Taldea\" width=\"200\" height=\"300\" srcset=\"https:\/\/www.baztan.eus\/wp-content\/uploads\/2017\/08\/Urkiolako-Pirinaika-Taldea-200x300.jpg 200w, https:\/\/www.baztan.eus\/wp-content\/uploads\/2017\/08\/Urkiolako-Pirinaika-Taldea-682x1024.jpg 682w, https:\/\/www.baztan.eus\/wp-content\/uploads\/2017\/08\/Urkiolako-Pirinaika-Taldea.jpg 1000w\" sizes=\"auto, (max-width: 200px) 100vw, 200px\" \/><\/a><br \/>\nTercer premio (100 \u20ac): JON KEPA IZAGUIRRE. Gasteiz (Araba) T\u00edtulo de la fotograf\u00eda: GUAPO<\/p>\n<p><a href=\"http:\/\/www.baztan.eus\/wp-content\/uploads\/2017\/08\/Guapo.jpg\"><img loading=\"lazy\" decoding=\"async\" class=\"alignnone size-medium wp-image-7870\" src=\"http:\/\/www.baztan.eus\/wp-content\/uploads\/2017\/08\/Guapo-199x300.jpg\" alt=\"Guapo\" width=\"199\" height=\"300\" srcset=\"https:\/\/www.baztan.eus\/wp-content\/uploads\/2017\/08\/Guapo-199x300.jpg 199w, https:\/\/www.baztan.eus\/wp-content\/uploads\/2017\/08\/Guapo-680x1024.jpg 680w\" sizes=\"auto, (max-width: 199px) 100vw, 199px\" \/><\/a><\/p>\n","protected":false},"excerpt":{"rendered":"<p>Resultados I Concurso de Fotograf\u00eda \u201cRAZA VACUNA PIRENAICA\u201d Primer premio (400 \u20ac): NEREA BEGINO MENDIBURU. Igantzi (Nafarroa). T\u00edtulo de la fotograf\u00eda: BIRRAMONA Segundo premio (200\u20ac): I\u00d1AKI URIARTE BASAGUREN. Abadi\u00f1o (Bizkaia). T\u00edtulo de la fotograf\u00eda: URKIOLAKO PIRINAIKA TALDEA Tercer premio (100 \u20ac): JON KEPA IZAGUIRRE. Gasteiz (Araba) T\u00edtulo de la fotograf\u00eda: GUAPO<\/p>\n","protected":false},"author":58,"featured_media":0,"parent":13352,"menu_order":0,"comment_status":"closed","ping_status":"closed","template":"","meta":{"_exactmetrics_skip_tracking":false,"_exactmetrics_sitenote_active":false,"_exactmetrics_sitenote_note":"","_exactmetrics_sitenote_category":0,"footnotes":""},"class_list":["post-13584","page","type-page","status-publish","hentry"],"_links":{"self":[{"href":"https:\/\/www.baztan.eus\/es\/wp-json\/wp\/v2\/pages\/13584","targetHints":{"allow":["GET"]}}],"collection":[{"href":"https:\/\/www.baztan.eus\/es\/wp-json\/wp\/v2\/pages"}],"about":[{"href":"https:\/\/www.baztan.eus\/es\/wp-json\/wp\/v2\/types\/page"}],"author":[{"embeddable":true,"href":"https:\/\/www.baztan.eus\/es\/wp-json\/wp\/v2\/users\/58"}],"replies":[{"embeddable":true,"href":"https:\/\/www.baztan.eus\/es\/wp-json\/wp\/v2\/comments?post=13584"}],"version-history":[{"count":0,"href":"https:\/\/www.baztan.eus\/es\/wp-json\/wp\/v2\/pages\/13584\/revisions"}],"up":[{"embeddable":true,"href":"https:\/\/www.baztan.eus\/es\/wp-json\/wp\/v2\/pages\/13352"}],"wp:attachment":[{"href":"https:\/\/www.baztan.eus\/es\/wp-json\/wp\/v2\/media?parent=13584"}],"curies":[{"name":"wp","href":"https:\/\/api.w.org\/{rel}","templated":true}]}}

<p>Resultados I Concurso de Fotografía “RAZA VACUNA PIRENAICA”</p>
<p>Primer premio (400 €): NEREA BEGINO MENDIBURU. Igantzi (Nafarroa). Título de la fotografía: BIRRAMONA</p>
<p><a href="http://www.baztan.eus/wp-content/uploads/2017/08/Birramona.jpg"><img loading="lazy" decoding="async" class="alignnone size-medium wp-image-7868" src="http://www.baztan.eus/wp-content/uploads/2017/08/Birramona-200x300.jpg" alt="Birramona" width="200" height="300" srcset="https://www.baztan.eus/wp-content/uploads/2017/08/Birramona-200x300.jpg 200w, https://www.baztan.eus/wp-content/uploads/2017/08/Birramona-682x1024.jpg 682w" sizes="auto, (max-width: 200px) 100vw, 200px" /></a><br />
Segundo premio (200€): IÑAKI URIARTE BASAGUREN. Abadiño (Bizkaia). Título de la fotografía: URKIOLAKO PIRINAIKA TALDEA</p>
<p><a href="http://www.baztan.eus/wp-content/uploads/2017/08/Urkiolako-Pirinaika-Taldea.jpg"><img loading="lazy" decoding="async" class="alignnone size-medium wp-image-7869" src="http://www.baztan.eus/wp-content/uploads/2017/08/Urkiolako-Pirinaika-Taldea-200x300.jpg" alt="Urkiolako Pirinaika Taldea" width="200" height="300" srcset="https://www.baztan.eus/wp-content/uploads/2017/08/Urkiolako-Pirinaika-Taldea-200x300.jpg 200w, https://www.baztan.eus/wp-content/uploads/2017/08/Urkiolako-Pirinaika-Taldea-682x1024.jpg 682w, https://www.baztan.eus/wp-content/uploads/2017/08/Urkiolako-Pirinaika-Taldea.jpg 1000w" sizes="auto, (max-width: 200px) 100vw, 200px" /></a><br />
Tercer premio (100 €): JON KEPA IZAGUIRRE. Gasteiz (Araba) Título de la fotografía: GUAPO</p>
<p><a href="http://www.baztan.eus/wp-content/uploads/2017/08/Guapo.jpg"><img loading="lazy" decoding="async" class="alignnone size-medium wp-image-7870" src="http://www.baztan.eus/wp-content/uploads/2017/08/Guapo-199x300.jpg" alt="Guapo" width="199" height="300" srcset="https://www.baztan.eus/wp-content/uploads/2017/08/Guapo-199x300.jpg 199w, https://www.baztan.eus/wp-content/uploads/2017/08/Guapo-680x1024.jpg 680w" sizes="auto, (max-width: 199px) 100vw, 199px" /></a></p>

<p>Resultados I Concurso de Fotografía “RAZA VACUNA PIRENAICA” Primer premio (400 €): NEREA BEGINO MENDIBURU. Igantzi (Nafarroa). Título de la fotografía: BIRRAMONA Segundo premio (200€): IÑAKI URIARTE BASAGUREN. Abadiño (Bizkaia). Título de la fotografía: URKIOLAKO PIRINAIKA TALDEA Tercer premio (100 €): JON KEPA IZAGUIRRE. Gasteiz (Araba) Título de la fotografía: GUAPO</p>
